{"id":12112,"date":"2019-05-03T22:35:59","date_gmt":"2019-05-03T20:35:59","guid":{"rendered":"http:\/\/spmlodzawy.pl\/?page_id=12112"},"modified":"2019-05-05T12:36:03","modified_gmt":"2019-05-05T10:36:03","slug":"jutro-zalezy-od-dzis-a-dzis-zalezy-ode-mnie","status":"publish","type":"page","link":"http:\/\/spmlodzawy.pl\/index.php\/jutro-zalezy-od-dzis-a-dzis-zalezy-ode-mnie\/","title":{"rendered":"JUTRO ZALE\u017bY OD DZI\u015a, A DZI\u015a ZALE\u017bY ODE MNIE\u2026"},"content":{"rendered":"<p style=\"text-align: justify;\"><img decoding=\"async\" loading=\"lazy\" class=\"alignnone  wp-image-12109 alignleft\" src=\"http:\/\/spmlodzawy.pl\/wp-content\/uploads\/2019\/05\/Bez-tytu\u0142u-300x54.png\" alt=\"\" width=\"428\" height=\"77\" \/>Mi\u0142o nam poinformowa\u0107, \u017ce <strong>Stowarzyszenie Rozwoju M\u0142odzaw \u2013 Nasza Przysz\u0142o\u015b\u0107 <\/strong>uzyska\u0142o dofinansowanie w ramach grantu na realizacj\u0119 zada\u0144 w ramach projektu grantowego realizowanego przez<strong> LGD PONIDZIE<\/strong> (poddzia\u0142anie 19.2 \u201eWsparcie na wdra\u017canie operacji w ramach strategii rozwoju lokalnego kierowanego przez spo\u0142eczno\u015b\u0107 obj\u0119tego Programem Rozwoju Obszar\u00f3w Wiejskich na lata 2014-2020 w zakresie: wzmocnienie kapita\u0142u spo\u0142ecznego w tym podnoszenie wiedzy spo\u0142eczno\u015bci lokalnej w zakresie ochrony \u015brodowiska i zmian klimatycznych, tak\u017ce z wykorzystaniem rozwi\u0105za\u0144 innowacyjnych\u201d).<\/p>\n<p style=\"text-align: justify;\">Realizowany przez Stowarzyszenie projekt pt. <strong>\u201eJUTRO ZALE\u017bY OD DZI\u015a, A DZI\u015a ZALE\u017bY ODE MNIE\u2026\u201d<\/strong> skierowany jest do dzieci i m\u0142odzie\u017cy w wieku od 3 do 15 lat oraz do kobiet mieszkaj\u0105cych lub pracuj\u0105cych na terenach wiejskich w Gminie Pi\u0144cz\u00f3w.<\/p>\n<p style=\"text-align: justify;\">W ramach realizacji projektu zaplanowali\u015bmy warsztaty i szkolenia dla wszystkich grup wiekowych.<\/p>\n<p style=\"text-align: justify;\"><strong>Dla dzieci w wieku przedszkolnym:<\/strong><\/p>\n<ul style=\"text-align: justify;\">\n<li>warsztaty edukacji globalnej (poznajemy \u015bwiat),<\/li>\n<li>warsztaty umiej\u0119tno\u015bci radzenia sobie ze z\u0142o\u015bci\u0105 oraz rozwi\u0105zywania konflikt\u00f3w,<\/li>\n<li>warsztaty z edukatorem na Placu Zabaw \u201eFlySky\u201d w Kielcach.<\/li>\n<\/ul>\n<p style=\"text-align: justify;\"><strong>Dla dzieci i m\u0142odzie\u017cy w wieku od 7 do 15 lat (szko\u0142a podstawowa):<\/strong><\/p>\n<ul style=\"text-align: justify;\">\n<li>warsztaty ekologiczne,<\/li>\n<li>warsztaty profilaktyki uzale\u017cnie\u0144,<\/li>\n<li>warsztaty w Geoparku oraz w Parku Trampolin \u201eFlySky\u201d w Kielcach.<\/li>\n<\/ul>\n<p style=\"text-align: justify;\"><strong>Dla odbiorc\u00f3w doros\u0142ych zaplanowano: <\/strong><\/p>\n<ul style=\"text-align: justify;\">\n<li>warsztaty z r\u0119kodzie\u0142a,<\/li>\n<li>warsztaty profilaktyczne,<\/li>\n<li>szkolenie z zakresu grafiki komputerowej.<\/li>\n<\/ul>\n<p style=\"text-align: justify;\">Wszyscy uczestnicy poszczeg\u00f3lnych warsztat\u00f3w otrzymaj\u0105 pocz\u0119stunek. Na warsztaty w Kielcach zostanie wynaj\u0119ty autokar.<\/p>\n<p style=\"text-align: justify;\">Poprzez realizacj\u0119 projektu chcemy zaktywizowa\u0107 dzieci, m\u0142odzie\u017c i osoby doros\u0142e, podczas zaj\u0119\u0107 nast\u0105pi integracja.<\/p>\n<p style=\"text-align: justify;\"><strong><em>Termin realizacji: 1 maja \u2013 31 sierpnia 2019<\/em><\/strong><\/p>\n","protected":false},"excerpt":{"rendered":"<p>Mi\u0142o nam poinformowa\u0107, \u017ce Stowarzyszenie Rozwoju M\u0142odzaw \u2013 Nasza Przysz\u0142o\u015b\u0107 uzyska\u0142o dofinansowanie w ramach grantu na realizacj\u0119 zada\u0144 w ramach projektu grantowego realizowanego przez LGD PONIDZIE (poddzia\u0142anie 19.2 \u201eWsparcie na wdra\u017canie operacji w ramach strategii rozwoju lokalnego kierowanego przez spo\u0142eczno\u015b\u0107 &hellip; <a href=\"http:\/\/spmlodzawy.pl\/index.php\/jutro-zalezy-od-dzis-a-dzis-zalezy-ode-mnie\/\">Czytaj dalej <span class=\"meta-nav\">&rarr;<\/span><\/a><\/p>\n","protected":false},"author":1,"featured_media":0,"parent":0,"menu_order":0,"comment_status":"closed","ping_status":"closed","template":"","meta":[],"_links":{"self":[{"href":"http:\/\/spmlodzawy.pl\/index.php\/wp-json\/wp\/v2\/pages\/12112"}],"collection":[{"href":"http:\/\/spmlodzawy.pl\/index.php\/wp-json\/wp\/v2\/pages"}],"about":[{"href":"http:\/\/spmlodzawy.pl\/index.php\/wp-json\/wp\/v2\/types\/page"}],"author":[{"embeddable":true,"href":"http:\/\/spmlodzawy.pl\/index.php\/wp-json\/wp\/v2\/users\/1"}],"replies":[{"embeddable":true,"href":"http:\/\/spmlodzawy.pl\/index.php\/wp-json\/wp\/v2\/comments?post=12112"}],"version-history":[{"count":3,"href":"http:\/\/spmlodzawy.pl\/index.php\/wp-json\/wp\/v2\/pages\/12112\/revisions"}],"predecessor-version":[{"id":12123,"href":"http:\/\/spmlodzawy.pl\/index.php\/wp-json\/wp\/v2\/pages\/12112\/revisions\/12123"}],"wp:attachment":[{"href":"http:\/\/spmlodzawy.pl\/index.php\/wp-json\/wp\/v2\/media?parent=12112"}],"curies":[{"name":"wp","href":"https:\/\/api.w.org\/{rel}","templated":true}]}}