{"id":14529,"date":"2019-08-01T22:02:17","date_gmt":"2019-08-01T20:02:17","guid":{"rendered":"http:\/\/spmlodzawy.pl\/?page_id=14529"},"modified":"2019-09-20T15:03:48","modified_gmt":"2019-09-20T13:03:48","slug":"blizej-regionu-tradycji-ojczyzny","status":"publish","type":"page","link":"http:\/\/spmlodzawy.pl\/index.php\/blizej-regionu-tradycji-ojczyzny\/","title":{"rendered":"BLI\u017bEJ REGIONU, TRADYCJI, OJCZYZNY\u2026"},"content":{"rendered":"<p style=\"text-align: justify;\"><em><strong><img decoding=\"async\" loading=\"lazy\" class=\"alignnone wp-image-15250 alignleft\" src=\"http:\/\/spmlodzawy.pl\/wp-content\/uploads\/2019\/09\/herb-woj-\u015bwi\u0119tokrzyskiego-poziom-kolor-PL-RGB-300x103.png\" alt=\"\" width=\"337\" height=\"116\" srcset=\"http:\/\/spmlodzawy.pl\/wp-content\/uploads\/2019\/09\/herb-woj-\u015bwi\u0119tokrzyskiego-poziom-kolor-PL-RGB-300x103.png 300w, http:\/\/spmlodzawy.pl\/wp-content\/uploads\/2019\/09\/herb-woj-\u015bwi\u0119tokrzyskiego-poziom-kolor-PL-RGB-768x262.png 768w, http:\/\/spmlodzawy.pl\/wp-content\/uploads\/2019\/09\/herb-woj-\u015bwi\u0119tokrzyskiego-poziom-kolor-PL-RGB-1024x350.png 1024w\" sizes=\"(max-width: 337px) 100vw, 337px\" \/>\u201eBLI\u017bEJ REGIONU, TRADYCJI, OJCZYZNY\u2026\u201d<\/strong> <strong>to projekt wsp\u00f3\u0142finansowany ze \u015brodk\u00f3w Urz\u0119du Marsza\u0142kowskiego Wojew\u00f3dztwa \u015awi\u0119tokrzyskiego.<\/strong><\/em> Zadanie jest inicjatyw\u0105 lokaln\u0105, skierowan\u0105 do grupy dzieci z Przedszkola w M\u0142odzawach, uczni\u00f3w klas I-VIII Szko\u0142y Podstawowej w M\u0142odzawach. Realizowane zadanie ma\u00a0 s\u0142u\u017cy\u0107 popularyzacji edukacji regionalnej, obywatelskiej \u00a0i patriotycznej.<\/p>\n<p style=\"text-align: justify;\">\u00a0Zaplanowali\u015bmy dzia\u0142ania dostosowane odpowiednio do wieku dla dw\u00f3ch grup:<\/p>\n<p style=\"text-align: justify;\"><em><strong><u>1. Dzieci z przedszkola oraz uczniowie z klas I \u2013 III szko\u0142y podstawowej<\/u><\/strong><\/em><\/p>\n<ul style=\"text-align: justify;\">\n<li>udzia\u0142 w ciekawych warsztatach sztuki ludowej prowadzonych przez panie z Ko\u0142a Gospody\u0144 Wiejskich \u201eM\u0142odzawy Dzi\u015b i Jutro\u201d z M\u0142odzaw prowadzonych w \u015awietlicy Wiejskiej<\/li>\n<li>wyjazd edukacyjny do Parku Rozrywki i Miniatur Sabat Krajno.<\/li>\n<\/ul>\n<p style=\"text-align: justify;\"><em><strong><u>2. Uczniowie szko\u0142y podstawowej z klas IV\u2013 VIII<\/u><\/strong><\/em><\/p>\n<ul>\n<li style=\"text-align: justify;\">udzia\u0142 w ciekawych warsztatach sztuki ludowej prowadzonych przez panie z Ko\u0142a Gospody\u0144 Wiejskich \u201eM\u0142odzawy Dzi\u015b i Jutro\u201d z M\u0142odzaw prowadzonych w \u015awietlicy Wiejskiej;<\/li>\n<li style=\"text-align: justify;\">udzia\u0142 w warsztatach przyrodniczo \u2013 historycznych zorganizowanych w Szkole Podstawowej w M\u0142odzawach \/prowadz\u0105cy \u2013 nauczyciel przyrody i nauczyciel historii\/;<\/li>\n<li style=\"text-align: justify;\">wyjazd edukacyjny w G\u00f3ry \u015awi\u0119tokrzyskie: Jaskinia Raj, \u015awi\u0119ty Krzy\u017c, \u015awi\u0119ta Katarzyna, \u0141ysica.<\/li>\n<\/ul>\n","protected":false},"excerpt":{"rendered":"<p>\u201eBLI\u017bEJ REGIONU, TRADYCJI, OJCZYZNY\u2026\u201d to projekt wsp\u00f3\u0142finansowany ze \u015brodk\u00f3w Urz\u0119du Marsza\u0142kowskiego Wojew\u00f3dztwa \u015awi\u0119tokrzyskiego. Zadanie jest inicjatyw\u0105 lokaln\u0105, skierowan\u0105 do grupy dzieci z Przedszkola w M\u0142odzawach, uczni\u00f3w klas I-VIII Szko\u0142y Podstawowej w M\u0142odzawach. Realizowane zadanie ma\u00a0 s\u0142u\u017cy\u0107 popularyzacji edukacji regionalnej, obywatelskiej &hellip; <a href=\"http:\/\/spmlodzawy.pl\/index.php\/blizej-regionu-tradycji-ojczyzny\/\">Czytaj dalej <span class=\"meta-nav\">&rarr;<\/span><\/a><\/p>\n","protected":false},"author":1,"featured_media":0,"parent":0,"menu_order":0,"comment_status":"closed","ping_status":"closed","template":"","meta":[],"_links":{"self":[{"href":"http:\/\/spmlodzawy.pl\/index.php\/wp-json\/wp\/v2\/pages\/14529"}],"collection":[{"href":"http:\/\/spmlodzawy.pl\/index.php\/wp-json\/wp\/v2\/pages"}],"about":[{"href":"http:\/\/spmlodzawy.pl\/index.php\/wp-json\/wp\/v2\/types\/page"}],"author":[{"embeddable":true,"href":"http:\/\/spmlodzawy.pl\/index.php\/wp-json\/wp\/v2\/users\/1"}],"replies":[{"embeddable":true,"href":"http:\/\/spmlodzawy.pl\/index.php\/wp-json\/wp\/v2\/comments?post=14529"}],"version-history":[{"count":4,"href":"http:\/\/spmlodzawy.pl\/index.php\/wp-json\/wp\/v2\/pages\/14529\/revisions"}],"predecessor-version":[{"id":15273,"href":"http:\/\/spmlodzawy.pl\/index.php\/wp-json\/wp\/v2\/pages\/14529\/revisions\/15273"}],"wp:attachment":[{"href":"http:\/\/spmlodzawy.pl\/index.php\/wp-json\/wp\/v2\/media?parent=14529"}],"curies":[{"name":"wp","href":"https:\/\/api.w.org\/{rel}","templated":true}]}}