{"id":17804,"date":"2019-11-26T05:59:34","date_gmt":"2019-11-26T04:59:34","guid":{"rendered":"http:\/\/spmlodzawy.pl\/?page_id=17804"},"modified":"2019-11-26T05:59:34","modified_gmt":"2019-11-26T04:59:34","slug":"szlakiem-legend-i-basni-polska-europa-swiat","status":"publish","type":"page","link":"http:\/\/spmlodzawy.pl\/index.php\/szlakiem-legend-i-basni-polska-europa-swiat\/","title":{"rendered":"SZLAKIEM LEGEND I BA\u015aNI. POLSKA. EUROPA. \u015aWIAT"},"content":{"rendered":"<p style=\"text-align: justify;\">Od 4 IX 2017 roku do 30 IV 2020 roku\u00a0 podczas przerw realizowana jest w naszej szkole innowacja pedagogiczna pt. <strong>\u201eSzlakiem legend i ba\u015bni. Polska.Europa.\u015awiat.\u201d<\/strong> Przeznaczona jest dla uczni\u00f3w klas IV-VIII. Dwa razy w tygodniu uczniowie zapoznaj\u0105 si\u0119 z tre\u015bciami legend i ba\u015bni. Innowacja sk\u0142ada si\u0119 z trzech blok\u00f3w, ka\u017cdy z nich realizowany jest w oddzielnym roku szkolnym:<\/p>\n<ul>\n<li>Cz\u0119\u015b\u0107 I \u2013 2017\/2018\u00a0 &#8211; <em>\u201eSzlakiem legend i ba\u015bni. Polska.\u201d<\/em><\/li>\n<li>Cz\u0119\u015b\u0107 II \u2013 2018\/2019\u00a0 &#8211; <em>\u201eSzlakiem legend i ba\u015bni. Europa.\u201d<\/em><\/li>\n<li>Cz\u0119\u015b\u0107 III \u2013 2019\/2020 &#8211;\u00a0 <em>\u201eSzlakiem legend i ba\u015bni. \u015awiat.\u201d<\/em><\/li>\n<\/ul>\n<p style=\"text-align: justify;\">Ka\u017cda z cz\u0119\u015bci podzielona zosta\u0142a na regiony. W przypadku Polski s\u0105 to wojew\u00f3dztwa, w\u00a0 Europie \u2013 pa\u0144stwa, a w podziale \u015bwiata \u2013 kontynenty. Zaplanowano\u00a0 \u00a0zaj\u0119cia o poszczeg\u00f3lnych regionach\u00a0 z wykorzystaniem \u00a0map (Polski, Europy i \u015bwiata) oraz prezentacj\u0105 multimedialn\u0105 w kt\u00f3rej zostan\u0105 zawarte informacje o historii, tradycjach, obrz\u0119dach, strojach i potrawach danej cz\u0119\u015bci \u015bwiata. Nie zabraknie tak\u017ce w niej miejsca na temat licznych zabytk\u00f3w i atrakcji . Ta r\u00f3\u017cnorodno\u015b\u0107 kulturalna, przyrodnicza i historyczna jest naszym najwi\u0119kszym bogactwem. Dlatego nale\u017cy je pozna\u0107, zrozumie\u0107 i szanowa\u0107. Dlaczego nie poprzez ba\u015bnie i legendy?<\/p>\n<p style=\"text-align: justify;\">R\u00f3wnolegle opowie\u015bci\u0105 towarzyszy\u0107 b\u0119d\u0105 dwa konkursy trwaj\u0105ce przez ca\u0142y rok, \u0142\u0105cznie sze\u015b\u0107 w latach 2017-2020 :<\/p>\n<ul style=\"text-align: justify;\">\n<li>\u201eKt\u00f3ra klasa ma na punkcie ba\u015bni i legend najwi\u0119kszego zakr\u0119tasa ?\u201d<\/li>\n<li>\u201e Najpi\u0119kniejsza bajka \/ legenda regionu \u201d<\/li>\n<\/ul>\n<p style=\"text-align: justify;\">Ponadto w ka\u017cdym roku szkolnym uczniowie klas IV \u2013 VIII przygotuj\u0105 inscenizacj\u0119 teatraln\u0105 lub pantomim\u0119 wybranej ba\u015bni dla ca\u0142ej plac\u00f3wki w my\u015bl zasady \u201eDzieci dzieciom\u201d.<\/p>\n<p style=\"text-align: justify;\">Celem tej innowacji jest\u00a0 u\u015bwiadomienie uczniom, i\u017c ksi\u0105\u017cka mo\u017ce stanowi\u0107 doskona\u0142\u0105 rozrywk\u0119, poszerza\u0107 horyzonty, poznawa\u0107 \u015bwiat ten bli\u017cszy i dalszy. Ponadto \u00a0mo\u017ce uczy\u0107 szacunku i akceptacji do tego co nieznane i odmienne.<\/p>\n","protected":false},"excerpt":{"rendered":"<p>Od 4 IX 2017 roku do 30 IV 2020 roku\u00a0 podczas przerw realizowana jest w naszej szkole innowacja pedagogiczna pt. \u201eSzlakiem legend i ba\u015bni. Polska.Europa.\u015awiat.\u201d Przeznaczona jest dla uczni\u00f3w klas IV-VIII. Dwa razy w tygodniu uczniowie zapoznaj\u0105 si\u0119 z tre\u015bciami &hellip; <a href=\"http:\/\/spmlodzawy.pl\/index.php\/szlakiem-legend-i-basni-polska-europa-swiat\/\">Czytaj dalej <span class=\"meta-nav\">&rarr;<\/span><\/a><\/p>\n","protected":false},"author":1,"featured_media":0,"parent":0,"menu_order":0,"comment_status":"closed","ping_status":"closed","template":"","meta":[],"_links":{"self":[{"href":"http:\/\/spmlodzawy.pl\/index.php\/wp-json\/wp\/v2\/pages\/17804"}],"collection":[{"href":"http:\/\/spmlodzawy.pl\/index.php\/wp-json\/wp\/v2\/pages"}],"about":[{"href":"http:\/\/spmlodzawy.pl\/index.php\/wp-json\/wp\/v2\/types\/page"}],"author":[{"embeddable":true,"href":"http:\/\/spmlodzawy.pl\/index.php\/wp-json\/wp\/v2\/users\/1"}],"replies":[{"embeddable":true,"href":"http:\/\/spmlodzawy.pl\/index.php\/wp-json\/wp\/v2\/comments?post=17804"}],"version-history":[{"count":1,"href":"http:\/\/spmlodzawy.pl\/index.php\/wp-json\/wp\/v2\/pages\/17804\/revisions"}],"predecessor-version":[{"id":17805,"href":"http:\/\/spmlodzawy.pl\/index.php\/wp-json\/wp\/v2\/pages\/17804\/revisions\/17805"}],"wp:attachment":[{"href":"http:\/\/spmlodzawy.pl\/index.php\/wp-json\/wp\/v2\/media?parent=17804"}],"curies":[{"name":"wp","href":"https:\/\/api.w.org\/{rel}","templated":true}]}}