{"id":18006,"date":"2019-12-03T15:23:55","date_gmt":"2019-12-03T14:23:55","guid":{"rendered":"http:\/\/spmlodzawy.pl\/?page_id=18006"},"modified":"2019-12-03T15:23:55","modified_gmt":"2019-12-03T14:23:55","slug":"swiateczna-bajka-kozubow","status":"publish","type":"page","link":"http:\/\/spmlodzawy.pl\/index.php\/swiateczna-bajka-kozubow\/","title":{"rendered":"\u015awi\u0105teczna bajka &#8211; Kozub\u00f3w"},"content":{"rendered":"Gallery with ID 616 doesn't exist.\n","protected":false},"excerpt":{"rendered":"","protected":false},"author":1,"featured_media":0,"parent":0,"menu_order":0,"comment_status":"closed","ping_status":"closed","template":"","meta":[],"_links":{"self":[{"href":"http:\/\/spmlodzawy.pl\/index.php\/wp-json\/wp\/v2\/pages\/18006"}],"collection":[{"href":"http:\/\/spmlodzawy.pl\/index.php\/wp-json\/wp\/v2\/pages"}],"about":[{"href":"http:\/\/spmlodzawy.pl\/index.php\/wp-json\/wp\/v2\/types\/page"}],"author":[{"embeddable":true,"href":"http:\/\/spmlodzawy.pl\/index.php\/wp-json\/wp\/v2\/users\/1"}],"replies":[{"embeddable":true,"href":"http:\/\/spmlodzawy.pl\/index.php\/wp-json\/wp\/v2\/comments?post=18006"}],"version-history":[{"count":1,"href":"http:\/\/spmlodzawy.pl\/index.php\/wp-json\/wp\/v2\/pages\/18006\/revisions"}],"predecessor-version":[{"id":18007,"href":"http:\/\/spmlodzawy.pl\/index.php\/wp-json\/wp\/v2\/pages\/18006\/revisions\/18007"}],"wp:attachment":[{"href":"http:\/\/spmlodzawy.pl\/index.php\/wp-json\/wp\/v2\/media?parent=18006"}],"curies":[{"name":"wp","href":"https:\/\/api.w.org\/{rel}","templated":true}]}}