{"id":20422,"date":"2020-03-15T21:51:12","date_gmt":"2020-03-15T20:51:12","guid":{"rendered":"http:\/\/spmlodzawy.pl\/?page_id=20422"},"modified":"2020-03-19T10:43:37","modified_gmt":"2020-03-19T09:43:37","slug":"zadania-dla-klasy-iv","status":"publish","type":"page","link":"http:\/\/spmlodzawy.pl\/index.php\/zadania-dla-klasy-iv\/","title":{"rendered":"ZADANIA DLA KLASY IV"},"content":{"rendered":"<p><span style=\"text-decoration: underline; color: #ff0000;\"><em><strong>J\u0118ZYK POLSKI<\/strong><\/em><\/span><\/p>\n<p><strong>Uczniowie klasy IV<\/strong> zach\u0119cam Was\u00a0 w tym tygodniu do przeczytania lektury <em>Tajemniczy ogr\u00f3d. <\/em>Macie czas do ko\u0144ca tygodnia. Powodzenia!<\/p>\n<p><span style=\"text-decoration: underline; color: #ff0000;\"><em><strong>J\u0118ZYK ANGIELSKI<\/strong><\/em><\/span><\/p>\n<p><strong>Poniedzia\u0142ek 15. 03.<\/strong><br \/>\n<em>Temat: Poznajemy s\u0142ownictwo zwi\u0105zane z gotowaniem.<\/em><br \/>\nWykonaj \u0107wiczenie 3 na stronie 62 w podr\u0119czniku. Zanim wykonasz \u0107wiczenie przet\u0142umacz wszystkie s\u0142\u00f3wka \u2013 mo\u017cesz skorzysta\u0107 ze s\u0142ownika internetowego:<\/p>\n<ul>\n<li><a href=\"https:\/\/www.diki.pl\/\">https:\/\/www.diki.pl\/<\/a><\/li>\n<\/ul>\n<p>Przepisz do zeszytu i przet\u0142umacz s\u0142\u00f3wka z zielonej tabelki na stronie 63, sprawd\u017a ich wymow\u0119 w s\u0142owniku internetowym.<\/p>\n<p><strong>Wtorek 16. 03.<\/strong><br \/>\nNaucz si\u0119 s\u0142\u00f3wek z poprzedniego dnia.<br \/>\nWykonaj \u0107wiczenie 5 ze strony 63. By ods\u0142ucha\u0107 nagranie, zeskanuj kod QR, kt\u00f3ry znajduje si\u0119 na tytu\u0142owej stronie podr\u0119cznika lub wejd\u017a na stron\u0119 internetow\u0105 z nagraniami.<\/p>\n<p><strong>\u015aroda 17.03.<\/strong><br \/>\nWykonaj \u0107wiczenia 2,3 4 na stronie 60 w \u0107wiczeni\u00f3wce.<\/p>\n<p><span style=\"text-decoration: underline;\"><span style=\"color: #ff0000;\"><em><strong>MATEMATYKA<\/strong><\/em><\/span><\/span><\/p>\n<p><em><strong><span style=\"color: #008000;\">Drodzy uczniowie. Przepraszam Was bardzo, ale mamy konieczne do wprowadzenia zmiany\u2026<\/span><\/strong><\/em><\/p>\n<ol>\n<li>Prosz\u0119 Was o wykonanie wszystkich \u0107wicze\u0144 zadanych poni\u017cej na wymienione dni tygodnia (jako materia\u0142u do powt\u00f3rzenia).<\/li>\n<li><em><strong>Na ka\u017cdy dzie\u0144 tego tygodnia prosz\u0119 o wykonanie jednego tematu zaj\u0119\u0107 dost\u0119pnych na<\/strong><\/em>\u00a0\u00a0 <a href=\"https:\/\/www.gov.pl\/web\/zdalnelekcje\/przedmioty3\">https:\/\/www.gov.pl\/web\/zdalnelekcje\/przedmioty3<\/a>.<\/li>\n<li>Po zrobieniu zada\u0144 z danego tematu wykona\u0107 prac\u0119 w zeszycie \u0107wicze\u0144:<br \/>\n<em>U\u0142amek jako cz\u0119\u015b\u0107 ca\u0142o\u015bci<\/em> str. 103-105<br \/>\n<em>Por\u00f3wnywanie niekt\u00f3rych u\u0142amk\u00f3w,<\/em> str. 106-107<\/li>\n<\/ol>\n<p>Dzi\u0119kuj\u0119 i \u017cycz\u0119 wytrwa\u0142o\u015bci. W przypadku trudno\u015bci prosz\u0119 o kontakt email <a href=\"mailto:spmlodzawy@wp.pl\">spmlodzawy@wp.pl<\/a><\/p>\n<p><strong><em>PONIEDZIA\u0141EK<\/em><\/strong><\/p>\n<ul>\n<li><a href=\"https:\/\/szaloneliczby.pl\/oblicz-obwod-kwadratu\/\">https:\/\/szaloneliczby.pl\/oblicz-obwod-kwadratu\/<\/a><\/li>\n<li><a href=\"https:\/\/szaloneliczby.pl\/oblicz-obwod-prostokata\/\">https:\/\/szaloneliczby.pl\/oblicz-obwod-prostokata\/<\/a><\/li>\n<li><a href=\"https:\/\/szaloneliczby.pl\/oblicz-obwod-czworokata\/\">https:\/\/szaloneliczby.pl\/oblicz-obwod-czworokata\/<\/a><\/li>\n<\/ul>\n<p><strong><em>\u015aRODA<\/em><\/strong><\/p>\n<ul>\n<li><a href=\"https:\/\/szaloneliczby.pl\/obliczanie-skali-mapy\/\">https:\/\/szaloneliczby.pl\/obliczanie-skali-mapy\/<\/a><\/li>\n<li><a href=\"https:\/\/szaloneliczby.pl\/obliczanie-odleglosci-w-rzeczywistosci\/\">https:\/\/szaloneliczby.pl\/obliczanie-odleglosci-w-rzeczywistosci\/<\/a><\/li>\n<li><a href=\"https:\/\/szaloneliczby.pl\/obliczanie-odleglosci-na-mapie\/\">https:\/\/szaloneliczby.pl\/obliczanie-odleglosci-na-mapie\/<\/a><\/li>\n<\/ul>\n<p><strong><em>CZWARTEK<\/em><\/strong><\/p>\n<ul>\n<li><a href=\"https:\/\/szaloneliczby.pl\/figury-geometryczne-sprawdzian-klasa-4\/\">https:\/\/szaloneliczby.pl\/figury-geometryczne-sprawdzian-klasa-4\/<\/a><\/li>\n<\/ul>\n<p><strong><em>PI\u0104TEK<\/em><\/strong><\/p>\n<ul>\n<li><a href=\"https:\/\/szaloneliczby.pl\/centymetry-na-metry\/\">https:\/\/szaloneliczby.pl\/centymetry-na-metry\/<\/a><\/li>\n<li><a href=\"https:\/\/szaloneliczby.pl\/metry-na-kilometry\/\">https:\/\/szaloneliczby.pl\/metry-na-kilometry\/<\/a><\/li>\n<li><a href=\"https:\/\/szaloneliczby.pl\/decymetry-na-metry\/\">https:\/\/szaloneliczby.pl\/decymetry-na-metry\/<\/a><\/li>\n<\/ul>\n<p><span style=\"text-decoration: underline;\"><span style=\"color: #ff0000;\"><em><strong>PRZYRODA<\/strong><\/em><\/span><\/span><\/p>\n<p style=\"text-align: justify;\"><strong>Wtorek 17 marca<\/strong><br \/>\nProsz\u0119 opracujcie z podr\u0119cznika (str.99-103) temat \u201eUk\u0142ad nerwowy kontroluje prac\u0119 organizmu\u201d i wpiszcie go do zeszytu. Nast\u0119pnie wykonajcie do\u015bwiadczenie ze strony102.<br \/>\nProsz\u0119 tak\u017ce \u017ceby\u015bcie przeczytali informacje, obejrzeli filmiki i wykonali \u0107wiczenia z poni\u017cszych link\u00f3w:<\/p>\n<ul>\n<li><a href=\"https:\/\/epodreczniki.pl\/a\/dlaczego-widzimy\/DCykSImvC\">https:\/\/epodreczniki.pl\/a\/dlaczego-widzimy\/DCykSImvC<\/a><\/li>\n<li><a href=\"https:\/\/epodreczniki.pl\/a\/dzwieki-wokol-nas\/DiygRT5uB\">https:\/\/epodreczniki.pl\/a\/dzwieki-wokol-nas\/DiygRT5uB<\/a><\/li>\n<li><a href=\"https:\/\/epodreczniki.pl\/a\/inne-zmysly-tez-sa-wazne\/DzbCn316\">https:\/\/epodreczniki.pl\/a\/inne-zmysly-tez-sa-wazne\/DzbCn316<\/a><\/li>\n<\/ul>\n<p style=\"text-align: justify;\"><strong>Czwartek 19 marca<\/strong><br \/>\nProsz\u0119 opracujcie temat \u201eUk\u0142ad rozrodczy umo\u017cliwia wydawanie na \u015bwiat potomstwa\u201d i wpiszcie go do zeszytu.<br \/>\nNast\u0119pnie przeczytajcie informacje, obejrzyjcie filmiki i wykonajcie \u0107wiczenia z poni\u017cszych link\u00f3w:<\/p>\n<ul>\n<li>\u00a0<a href=\"https:\/\/epodreczniki.pl\/a\/co-to-znaczy-byc-kobieta-lub-mezczyzna\/DHmbPyZAc\">https:\/\/epodreczniki.pl\/a\/co-to-znaczy-byc-kobieta-lub-mezczyzna\/DHmbPyZAc<\/a><\/li>\n<li><a href=\"https:\/\/www.cda.pl\/video\/292827039\">https:\/\/www.cda.pl\/video\/292827039<\/a><\/li>\n<\/ul>\n<p>W przypadku pyta\u0144 lub trudno\u015bci zach\u0119cam do kontaktu <a href=\"mailto:sobieszczanska606@wp.pl\">sobieszczanska606@wp.pl<\/a><\/p>\n<p><span style=\"text-decoration: underline;\"><em><span style=\"color: #ff0000;\"><strong>HISTORIA<\/strong><\/span><\/em><\/span><\/p>\n<p style=\"text-align: justify;\">16 marzec &#8211; przeczyta\u0107 z podr\u0119cznika do historii temat pt. Romuald Traugutt i powstanie styczniowe strona 99 Nast\u0119pnie na tej podstawie rozwi\u0105za\u0107 \u0107wiczenia do powy\u017cszej tematyki nr 1,2,3,4,5,6 z zeszytu \u0107wicze\u0144 strona 61-62.<\/p>\n<p><span style=\"text-decoration: underline;\"><span style=\"color: #ff0000;\"><em><strong>TECHNIKA<\/strong><\/em><\/span><\/span><\/p>\n<p>Testy na kart\u0119 rowerow\u0105<\/p>\n<ul>\n<li><a href=\"http:\/\/www.spkurow.pl\/nowa\/karta\/znaki\/znaki.htm\">http:\/\/www.spkurow.pl\/nowa\/karta\/znaki\/znaki.htm<\/a><\/li>\n<\/ul>\n<p>Znaki drogowe, ruch pieszych i wyposa\u017cenie roweru \u2013 to powiniene\u015b umie\u0107.<\/p>\n<p>Powt\u00f3rzysz:<\/p>\n<p>&#8211; o znakach drogowych<\/p>\n<ul>\n<li>\u00a0<a href=\"http:\/\/wrower.pl\/prawo\/znaki-drogowe-dla-rowerzysty.html?ItemCountOnPage=50\">http:\/\/wrower.pl\/prawo\/znaki-drogowe-dla-rowerzysty.html?ItemCountOnPage=50<\/a><\/li>\n<\/ul>\n<p>&#8211; o ruchu pieszych<\/p>\n<ul>\n<li><a href=\"https:\/\/brd.andrej.edu.pl\/index.php\/przepisy-ogolne\/ruch-pieszych\">https:\/\/brd.andrej.edu.pl\/index.php\/przepisy-ogolne\/ruch-pieszych<\/a><\/li>\n<\/ul>\n<p>&#8211; o\u015bwietlenie i wyposa\u017cenie roweru<\/p>\n<ul>\n<li><a href=\"http:\/\/wrower.pl\/prawo\/oswietlenie-roweru,3168.html\">http:\/\/wrower.pl\/prawo\/oswietlenie-roweru,3168.html<\/a><\/li>\n<\/ul>\n<p>lub inne strony dost\u0119pne w Internecie.<\/p>\n<p><em><strong>W razie potrzeby kontakt mailowy:<\/strong><\/em> <a href=\"mailto:nauczgm2@gmail.com\">nauczgm2@gmail.com<\/a><\/p>\n<p><span style=\"text-decoration: underline;\"><span style=\"color: #ff0000;\"><em><strong>WYCHOWANIE FIZYCZNE<\/strong><\/em><\/span><\/span><\/p>\n<p style=\"text-align: justify;\">Przesy\u0142am Wam zestaw \u0107wicze\u0144 rozci\u0105gaj\u0105cych oraz relaksuj\u0105cych cia\u0142o. Zas\u00f3b \u0107wicze\u0144 mo\u017cna sobie zrobi\u0107 zar\u00f3wno przy \u015bcianie w domu jak i przy barierkach. Przy okazji prosz\u0119 zapozna\u0107 si\u0119 ze szczeg\u00f3\u0142owymi partiami mi\u0119\u015bni i techniki wykonywania \u0107wiczenia w danej pozycji.<\/p>\n<p><a href=\"https:\/\/motywatordietetyczny.pl\/2016\/06\/100-cwiczenia-ktore-rozciagna-wszystkie-miesnie\/\">https:\/\/motywatordietetyczny.pl\/2016\/06\/100-cwiczenia-ktore-rozciagna-wszystkie-miesnie\/<\/a><\/p>\n","protected":false},"excerpt":{"rendered":"<p>J\u0118ZYK POLSKI Uczniowie klasy IV zach\u0119cam Was\u00a0 w tym tygodniu do przeczytania lektury Tajemniczy ogr\u00f3d. Macie czas do ko\u0144ca tygodnia. Powodzenia! J\u0118ZYK ANGIELSKI Poniedzia\u0142ek 15. 03. Temat: Poznajemy s\u0142ownictwo zwi\u0105zane z gotowaniem. Wykonaj \u0107wiczenie 3 na stronie 62 w podr\u0119czniku. &hellip; <a href=\"http:\/\/spmlodzawy.pl\/index.php\/zadania-dla-klasy-iv\/\">Czytaj dalej <span class=\"meta-nav\">&rarr;<\/span><\/a><\/p>\n","protected":false},"author":1,"featured_media":0,"parent":0,"menu_order":0,"comment_status":"closed","ping_status":"closed","template":"","meta":[],"_links":{"self":[{"href":"http:\/\/spmlodzawy.pl\/index.php\/wp-json\/wp\/v2\/pages\/20422"}],"collection":[{"href":"http:\/\/spmlodzawy.pl\/index.php\/wp-json\/wp\/v2\/pages"}],"about":[{"href":"http:\/\/spmlodzawy.pl\/index.php\/wp-json\/wp\/v2\/types\/page"}],"author":[{"embeddable":true,"href":"http:\/\/spmlodzawy.pl\/index.php\/wp-json\/wp\/v2\/users\/1"}],"replies":[{"embeddable":true,"href":"http:\/\/spmlodzawy.pl\/index.php\/wp-json\/wp\/v2\/comments?post=20422"}],"version-history":[{"count":23,"href":"http:\/\/spmlodzawy.pl\/index.php\/wp-json\/wp\/v2\/pages\/20422\/revisions"}],"predecessor-version":[{"id":20566,"href":"http:\/\/spmlodzawy.pl\/index.php\/wp-json\/wp\/v2\/pages\/20422\/revisions\/20566"}],"wp:attachment":[{"href":"http:\/\/spmlodzawy.pl\/index.php\/wp-json\/wp\/v2\/media?parent=20422"}],"curies":[{"name":"wp","href":"https:\/\/api.w.org\/{rel}","templated":true}]}}