{"id":20571,"date":"2020-03-21T15:15:41","date_gmt":"2020-03-21T14:15:41","guid":{"rendered":"http:\/\/spmlodzawy.pl\/?page_id=20571"},"modified":"2020-03-27T12:01:53","modified_gmt":"2020-03-27T11:01:53","slug":"zadania-dla-klasy-iv-2","status":"publish","type":"page","link":"http:\/\/spmlodzawy.pl\/index.php\/zadania-dla-klasy-iv-2\/","title":{"rendered":"ZADANIA DLA KLASY IV"},"content":{"rendered":"<div class=\"entry-content\">\n<h2 style=\"text-align: center;\"><span style=\"color: #000080;\"><strong>PONIEDZIA\u0141EK<\/strong><\/span><\/h2>\n<hr \/>\n<p><span style=\"text-decoration: underline; color: #ff0000;\"><em><strong>RELIGIA<\/strong><\/em><\/span><\/p>\n<ul>\n<li>Przeczytaj z podr\u0119cznika temat 41. Uzupe\u0142nij zadania z zeszytu \u0107wicze\u0144.<\/li>\n<\/ul>\n<p><span style=\"text-decoration: underline; color: #ff0000;\"><em><strong>J\u0118ZYK POLSKI<\/strong><\/em><\/span><\/p>\n<p><strong><em>Temat: Poznajemy legend\u0119 zwi\u0105zan\u0105 z nasz\u0105 miejscowo\u015bci\u0105.<\/em><\/strong><\/p>\n<ul>\n<li style=\"text-align: justify;\">Drodzy uczniowie prosz\u0119 odszuka\u0107 w Internecie legend\u0119 o M\u0142odzawach \u2013 zapozna\u0107 si\u0119 z ni\u0105, a nast\u0119pnie w skr\u00f3cie zapisa\u0107 do zeszytu. Podpowiem Wam, \u017ce legenda ta opowiada o pewnej skrzyni\u2026. Powodzenia!<\/li>\n<\/ul>\n<p><span style=\"text-decoration: underline; color: #ff0000;\"><em><strong>HISTORIA<\/strong><\/em><\/span><\/p>\n<ul>\n<li style=\"text-align: justify;\">Przeczyta\u0107 z podr\u0119cznika do historii temat pt. Maria Sk\u0142odowska Curie- polska noblistka s. 104 Nast\u0119pnie na tej podstawie rozwi\u0105za\u0107 \u0107wiczenia do powy\u017cszej tematyki nr 1,2,3,4,5,6,7 z zeszytu \u0107wicze\u0144 strona 63-65.<\/li>\n<li style=\"text-align: justify;\"><em><strong>Wykonaj zdj\u0119cie zeszytu z zawarto\u015bci\u0105 wykonanych zada\u0144 i \u0107wicze\u0144 np. telefonem kom\u00f3rkowym i prze\u015blij na adres mailowy: <\/strong><\/em><strong><a href=\"mailto:sopris2000@interia.pl\">sopris2000@interia.pl<\/a><\/strong> <em><strong>Zadane \u0107wiczenia b\u0119d\u0105 podlega\u0107 ocenie.<\/strong><\/em><\/li>\n<\/ul>\n<p><span style=\"text-decoration: underline; color: #ff0000;\"><em><strong>TECHNIKA<\/strong><\/em><\/span><\/p>\n<p><em><strong>W razie potrzeby kontakt mailowy:<\/strong><\/em> <a href=\"mailto:nauczgm2@gmail.com\">nauczgm2@gmail.com<\/a><\/p>\n<p><span style=\"text-decoration: underline; color: #ff0000;\"><em><strong>MATEMATYKA<\/strong><\/em><\/span><\/p>\n<p><strong><em>TEMAT LEKCJI: Skracanie\u00a0 i rozszerzanie u\u0142amk\u00f3w. (zapisz w zeszycie)<\/em><\/strong><\/p>\n<ol>\n<li style=\"text-align: justify;\"><strong><em>Obejrzyj, prosz\u0119 filmy\u00a0 na stronie <a href=\"https:\/\/epodreczniki.pl\/a\/skracanie-i-rozszerzanie-ulamkow\/DhDvlZaNC\">https:\/\/epodreczniki.pl\/a\/skracanie-i-rozszerzanie-ulamkow\/DhDvlZaNC<\/a><\/em><\/strong><\/li>\n<li style=\"text-align: justify;\"><strong>Przeczytaj tam o skracaniu i rozszerzaniu u\u0142amk\u00f3w. <\/strong><\/li>\n<li style=\"text-align: justify;\"><strong>Wykonaj z podr\u0119cznika:<br \/>\n&#8211; zadanie 1 str. 80 (poziom A, B, C i E) \u2013 skorzystaj z przyk\u0142ad\u00f3w na stronie 79 i <em>80)<br \/>\n&#8211; zadanie 5 str. 82<\/em><\/strong><\/li>\n<li style=\"text-align: justify;\"><em>Wykonaj prac\u0119 w zeszycie \u0107wicze\u0144:<br \/>\n<\/em><em>Skracanie i rozszerzanie u\u0142amk\u00f3w<\/em><em> \u0107wicz. 2 str. 108, \u0107wicz. 4 str. 109 <\/em><\/li>\n<li>Dla sprawdzenia swoich umiej\u0119tno\u015bci zaloguj si\u0119 na stronie <a href=\"http:\/\/www.learningapps.org\/\">learningapps.org<\/a><\/li>\n<\/ol>\n<p><strong>INSTRUKCJA DO LOGOWANIA<\/strong><\/p>\n<ol>\n<li>Wejd\u017a na stron\u0119 <strong><a href=\"http:\/\/www.learningapps.org\/\">www.learningapps.org<\/a><\/strong><\/li>\n<li>Zaloguj si\u0119.<\/li>\n<li>Kliknij w Moja Klasa (prawy r\u00f3g).<\/li>\n<li>Kliknij w zadania.<\/li>\n<li style=\"text-align: justify;\">Rozwi\u0105\u017c zadania i naci\u015bnij w prawym dolnym rogu \u201eptaszek\u201d. <em>(Je\u017celi zadania zostan\u0105 rozwi\u0105zane \u017ale pod\u015bwietl\u0105 si\u0119 na czerwono, je\u017celi dobrze na zielono).<\/em><\/li>\n<li style=\"text-align: justify;\">Po poprawnym rozwi\u0105zaniu wszystkich zada\u0144 naci\u015bnij strza\u0142k\u0119 wstecz na pasku w lewym g\u00f3rnym rogu.<\/li>\n<li style=\"text-align: justify;\">Twoje poprawne rozwi\u0105zania zostan\u0105 przes\u0142ane nauczycielowi i odnotowane jako zrobione.<\/li>\n<li style=\"text-align: justify;\">Je\u017celi co\u015b jest nie jasne mo\u017cesz napisa\u0107 wiadomo\u015b\u0107. Po zalogowaniu na stronie, kliknij w Moje klasy, nast\u0119pnie naci\u015bnij na kopert\u0119 obok nazwiska Ilona Modrzewiecka.<\/li>\n<\/ol>\n<p><strong>Pami\u0119taj o kontakcie z nauczycielem (Skype, Messenger, email: <a href=\"mailto:i_modrzew@wp.pl\">i_modrzew@wp.pl<\/a>)<\/strong><\/p>\n<p><span style=\"text-decoration: underline; color: #ff0000;\"><em><strong>J\u0118ZYK ANGIELSKI<\/strong><\/em><\/span><\/p>\n<p>Wykonaj \u0107wiczenia 5 i 6 na stronach 60-61 w \u0107wiczeni\u00f3wce.<\/p>\n<hr \/>\n<\/div>\n<h2 style=\"text-align: center;\"><span style=\"color: #000080;\"><strong>WTOREK<\/strong><\/span><\/h2>\n<hr \/>\n<p><span style=\"text-decoration: underline; color: #ff0000;\"><em><strong>J\u0118ZYK ANGIELSKI<\/strong><\/em><\/span><\/p>\n<p>Zagraj w gry j\u0119zykowe:<\/p>\n<ul>\n<li><a href=\"http:\/\/www.yummy.pl\/children\/pl\/main\/en\/poziom1\">http:\/\/www.yummy.pl\/children\/pl\/main\/en\/poziom1<\/a><\/li>\n<\/ul>\n<p><em><strong><span style=\"text-decoration: underline; color: #ff0000;\">PRZYRODA<\/span><\/strong><\/em><\/p>\n<ul>\n<li style=\"text-align: justify;\">Moi Drodzy Uczniowie przeczytajcie temat \u201eDojrzewanie to czas wielkich zmian\u201d z podr\u0119cznika (strony 108-110).Zapiszcie go w zeszycie. Wa\u017cne informacje zawiera tak\u017ce \u00a0tabela ze str. 111, punkt 4.<\/li>\n<li style=\"text-align: justify;\">Pomoce materia\u0142y multimedialne: <a href=\"https:\/\/epodreczniki.pl\/a\/trudny-okres---dojrzewanie\/DblupZKRY\">https:\/\/epodreczniki.pl\/a\/trudny-okres&#8212;dojrzewanie\/DblupZKRY<\/a><\/li>\n<li style=\"text-align: justify;\">Na podstawie filmiku z poni\u017cszego linku \u201e\u017bycie cz\u0142owieka po narodzinach\u201d wypisz w zeszycie wszystkie etapy (okresy) rozwoju i czas ich trwania. Zacznijcie od okresu noworodkowego (1 miesi\u0105c) itd. A\u017c dotrzecie do \u00f3smego czyli do okresu staro\u015bci. <a href=\"https:\/\/epodreczniki.pl\/a\/etapy-zycia-czlowieka\/D8A4YkqEo\">https:\/\/epodreczniki.pl\/a\/etapy-zycia-czlowieka\/D8A4YkqEo<\/a><\/li>\n<\/ul>\n<p><em>W przypadku pyta\u0144 lub trudno\u015bci zach\u0119cam do kontaktu <\/em><a href=\"mailto:sobieszczanska606@wp.pl\">sobieszczanska606@wp.pl<\/a><\/p>\n<p>\u017bycz\u0119\u00a0 powodzenia!!!<\/p>\n<p><em><strong><span style=\"text-decoration: underline; color: #ff0000;\">INFORMATYKA<\/span><\/strong><\/em><\/p>\n<ul>\n<li style=\"text-align: justify;\">Prosz\u0119 o przeczytanie tematu \u201eMa\u0142pie figle\u201d str. 81 &#8211; 83 podr\u0119cznik do informatyki. Nast\u0119pnie w programie Scratch na stronie internetowej: <a href=\"https:\/\/scratch.mit.edu\/\">https:\/\/scratch.mit.edu\/<\/a> wstaw t\u0142o oraz duszki, zbuduj skrypty, dzi\u0119ki kt\u00f3rym ma\u0142pka b\u0119dzie porusza\u0142a si\u0119 w lewo i prawo (wszystkie informacje oraz pomocne skrypty dost\u0119pne s\u0105 w podr\u0119czniku str. 81-83).<\/li>\n<\/ul>\n<p>W razie jakichkolwiek problem\u00f3w prosz\u0119 o kontakt: <a href=\"mailto:edypawlik@gmail.com\">edypawlik@gmail.com<\/a>, lub przez Messenger.<\/p>\n<p class=\"entry-content\"><em><strong><span style=\"text-decoration: underline; color: #ff0000;\">MUZYKA<\/span><\/strong><\/em><\/p>\n<ul>\n<li>Zapoznaj\u00a0 si\u0119 z\u00a0informacjami na temat dzieci\u0144stwa Fryderyka Chopina. Pos\u0142uchaj jego muzyki z Internetu.<\/li>\n<\/ul>\n<p><span style=\"text-decoration: underline; color: #ff0000;\"><em><strong>J\u0118ZYK POLSKI<\/strong><\/em><\/span><\/p>\n<p><strong><em>Temat: Bazyliszek w teatrze.<\/em><\/strong><\/p>\n<ul>\n<li style=\"text-align: justify;\">Odszukaj w Internecie <em>Legend\u0119 o warszawskim Bazyliszku,<\/em> zapoznaj si\u0119 z ni\u0105, a nast\u0119pnie opisz Bazyliszka. Sw\u00f3j opis prosz\u0119 prze\u015blij na m\u00f3j adres:\u00a0<a href=\"mailto:grazyna_kupis@wp.pl\">grazyna_kupis@wp.pl <\/a><\/li>\n<\/ul>\n<p><span style=\"text-decoration: underline; color: #ff0000;\"><em><strong>WYCHOWANIE FIZYCZNE<\/strong><\/em><\/span><\/p>\n<p class=\" activity-title-header\"><span class=\"js-activity-title-value\" dir=\"auto\">WF online w domu &#8211; <a href=\"https:\/\/wordwall.net\/pl\/resource\/893767\/wychowanie-fizyczne\/wf-online-w-domu-%c4%87wiczenia\"><strong>\u0107wiczenia<\/strong><\/a><\/span><\/p>\n<hr \/>\n<h2 style=\"text-align: center;\"><span style=\"color: #000080;\"><strong>\u015aRODA<\/strong><\/span><\/h2>\n<hr \/>\n<p><em><strong><span style=\"text-decoration: underline; color: #ff0000;\">MATEMATYKA<\/span><\/strong><\/em><\/p>\n<p><em><strong>TEMAT LEKCJI: \u00a0<u>Liczby mieszane.<\/u> (zapisz w zeszycie)<\/strong><\/em><\/p>\n<p><em>Cel lekcji: Na tej lekcji naucz\u0119 si\u0119 opisywa\u0107 cz\u0119\u015bci ca\u0142o\u015bci za pomoc\u0105 liczb mieszanych i zamienia\u0107 u\u0142amek niew\u0142a\u015bciwy na liczb\u0119 mieszan<\/em><\/p>\n<p><em><strong>Lekcja on-line za po\u015brednictwem Skype o godz. 11.00<\/strong><\/em><br \/>\n1. Przed przyst\u0105pieniem do lekcji obejrzyj, prosz\u0119 filmy na stronie<a href=\"https:\/\/epodreczniki.pl\/a\/zamiana-liczb-mieszanych-na-ulamki\/Dmc6tOrYD\"> https:\/\/epodreczniki.pl\/a\/zamiana-liczb-mieszanych-na-ulamki\/Dmc6tOrYD<\/a> (bez wykonywania \u0107wicze\u0144 tam zawartych)<br \/>\n2. Wykonamy wsp\u00f3lnie zadania z podr\u0119cznika:<br \/>\n\u2013 zadanie 1 str. 87 (poziom A, B, C)<br \/>\n\u2013 zadanie 3 str. 87<br \/>\n3. <span style=\"text-decoration: underline;\">Praca domowa: Wykonaj prac\u0119 w zeszycie \u0107wicze\u0144:<\/span><br \/>\nLiczby mieszane \u0107wicz. 3 str. 110, \u0107wicz. 4 str. 111<br \/>\n4. Dla sprawdzenia swoich umiej\u0119tno\u015bci zaloguj si\u0119 na stronie <a href=\"http:\/\/www.learningapps.org\/\">learningapps.org<\/a><\/p>\n<p><em><strong><span style=\"text-decoration: underline; color: #ff0000;\">J\u0118ZYK ANGIELSKI <\/span><\/strong><\/em><\/p>\n<p><em><strong>Temat: Utrwalamy nazwy produkt\u00f3w spo\u017cywczych.<\/strong><\/em><\/p>\n<p><em>Cele lekcji:<\/em><\/p>\n<ul>\n<li><em>przypomnisz sobie i utrwalisz nazwy produkt\u00f3w spo\u017cywczych,<\/em><\/li>\n<li><em>udoskonalisz sprawno\u015b\u0107 czytania tekst\u00f3w w j\u0119zyku angielskim.<\/em><\/li>\n<\/ul>\n<p>Przypomnij sobie nazwy produkt\u00f3w spo\u017cywczych.<\/p>\n<p>Wykonaj \u0107wiczenie 8 ze strony 59 w \u0107wiczeni\u00f3wce.<\/p>\n<p>Zdj\u0119cie wykonanego zadania wy\u015blij poprzez aplikacj\u0119 Messenger lub na maila: <a href=\"mailto:m.willow@wp.pl\">m.willow@wp.pl<\/a><\/p>\n<p><em><strong><span style=\"text-decoration: underline; color: #ff0000;\">RELIGIA<\/span><\/strong><\/em><\/p>\n<p>Przeczytaj z podr\u0119cznika temat 42. Uzupe\u0142nij zadania z zeszytu \u0107wicze\u0144.<\/p>\n<p><em><strong><span style=\"text-decoration: underline; color: #ff0000;\">J\u0118ZYK POLSKI<\/span><\/strong><\/em><\/p>\n<p><em><strong>Temat:<\/strong> <strong>Co wiemy, co potrafimy. Powt\u00f3rzenie<\/strong>.<\/em><\/p>\n<p>Podr\u0119cznik strona 195 . Drodzy uczniowie przed nami powt\u00f3rzenie i po\u017cegnanie z legendami. Zacznijcie od powt\u00f3rzenia :<\/p>\n<ul>\n<li>Co to jest rym?<\/li>\n<li>Co to jest legenda?<\/li>\n<li>Przypomnij sobie co wiesz na temat przys\u0142\u00f3wka?<\/li>\n<li>Czym si\u0119 r\u00f3\u017cni plan ramowy od szczeg\u00f3\u0142owego?<\/li>\n<li>Co wiesz na temat wydarze\u0144\/ postaci realistycznych i fantastycznych?<\/li>\n<li>Czy opanowa\u0142e\u015b\/ opanowa\u0142a\u015b pisowni\u0119 <em>nie z r\u00f3\u017cnymi cz\u0119\u015bciami mowy?<\/em><\/li>\n<\/ul>\n<p>Je\u015bli ju\u017c wszystko powt\u00f3rzone i utrwalone zapraszam do sprawdzenia wiedzy i umiej\u0119tno\u015bci na stronie 196-198 ustnie.<\/p>\n<p><em><strong><span style=\"text-decoration: underline; color: #ff0000;\">WYCHOWANIE FIZYCZNE<\/span><\/strong><\/em><\/p>\n<p><span class=\"js-activity-title-value\" dir=\"auto\">WF online w domu &#8211; <a href=\"https:\/\/wordwall.net\/pl\/resource\/893767\/wychowanie-fizyczne\/wf-online-w-domu-%c4%87wiczenia\"><strong>\u0107wiczenia<\/strong><\/a><\/span><\/p>\n<hr \/>\n<h2 style=\"text-align: center;\"><span style=\"color: #000080;\"><strong>CZWARTEK<\/strong><\/span><\/h2>\n<hr \/>\n<p><span style=\"text-decoration: underline;\"><em><strong><span style=\"color: #ff0000; text-decoration: underline;\">MATEMATYKA<\/span><\/strong><\/em><\/span><\/p>\n<p style=\"text-align: justify;\"><em><strong>TEMAT LEKCJI: Liczby mieszane &#8211; \u0107wiczenia<\/strong><\/em>. (zapisz w zeszycie)<br \/>\n<em>Cel lekcji: Na tej lekcji utrwal\u0119 umiej\u0119tno\u015b\u0107 opisywania cz\u0119\u015bci ca\u0142o\u015bci za pomoc\u0105 liczb mieszanych i zamiany u\u0142amka niew\u0142a\u015bciwego na liczb\u0119 mieszan\u0105 i odwrotnie.<\/em><\/p>\n<p style=\"text-align: justify;\"><strong><em>Lekcja on-line za po\u015brednictwem Skype o godz. 10.00<\/em><\/strong><br \/>\n1.Wykonamy wsp\u00f3lnie zadania z podr\u0119cznika:<br \/>\n&#8211; zadanie 2 str. 87 (poziom A, B, C)<br \/>\n&#8211; zadanie 4, 5, 7, 8 str. 88<br \/>\n2. Pr. domowa: Wykonaj prac\u0119 w zeszycie \u0107wicze\u0144:<br \/>\n&#8211;<em> Liczby mieszane: \u0107wic<\/em><em>z. 5,<\/em><em>6, 7, 8 str. 111.<\/em><br \/>\n3.Dla sprawdzenia swoich umiej\u0119tno\u015bci zaloguj si\u0119 na stronie <a href=\"http:\/\/www.learningapps.org\/\">learningapps.org<\/a><\/p>\n<p><span style=\"text-decoration: underline;\"><em><strong><span style=\"color: #ff0000; text-decoration: underline;\">WYCHOWANIE FIZYCZNE<\/span><\/strong><\/em><\/span><\/p>\n<p><span class=\"js-activity-title-value\" dir=\"auto\">WF online w domu &#8211; <a href=\"https:\/\/wordwall.net\/pl\/resource\/893767\/wychowanie-fizyczne\/wf-online-w-domu-%c4%87wiczenia\"><strong>\u0107wiczenia<\/strong><\/a><\/span><\/p>\n<p><span style=\"text-decoration: underline;\"><em><strong><span style=\"color: #ff0000; text-decoration: underline;\">PRZYRODA<\/span><\/strong><\/em><\/span><\/p>\n<p><strong>Lekcja on-line w czwartek o godzinie 12:00<\/strong><\/p>\n<p><em><strong>Temat: Powt\u00f3rzenie wiadomo\u015bci z dzia\u0142u \u201eOdkrywamy tajemnice cia\u0142a cz\u0142owieka\u201d.<\/strong><\/em><\/p>\n<p>Cele lekcji: utrwalenie i uzupe\u0142nienie wiadomo\u015bci na temat budowy organizmu cz\u0142owieka<\/p>\n<p>Bardzo prosz\u0119 o zapoznanie si\u0119 z informacjami ze stron 111-112 w podr\u0119czniku. Pomocne, ale nieobowi\u0105zkowe s\u0105 materia\u0142y zamieszone pod linkiem<\/p>\n<p><a href=\"https:\/\/epodreczniki.pl\/a\/podsumowanie-dzialu-i-cialo-czlowieka\/DWXVwS2yt\">https:\/\/epodreczniki.pl\/a\/podsumowanie-dzialu-i-cialo-czlowieka\/DWXVwS2yt<\/a><\/p>\n<p>Praca domowa: zeszyt \u0107wicze\u0144 \u201eSprawd\u017a si\u0119\u201d str. 70 \u2013 72 prze\u015bl\u0119 mailowo do ka\u017cdego z Was. Czas na zrobienie \u0107wicze\u0144 to poniedzia\u0142ek 20:00<\/p>\n<p><strong>Zach\u0119cam do kontaktu przez grup\u0119 na Messengerze i mail <a href=\"mailto:paniwiosna606@wp.pl\">paniwiosna606@wp.pl<\/a> <\/strong><\/p>\n<p><span style=\"text-decoration: underline;\"><em><strong><span style=\"color: #ff0000; text-decoration: underline;\">J\u0118ZYK POLSKI<\/span><\/strong><\/em><\/span><\/p>\n<p><em><strong>Temat: Test podsumowuj\u0105cy IV rozdzia\u0142 \u201eOpisa\u0107 Polsk\u0119\u201d<\/strong><\/em><\/p>\n<p><strong>Test prze\u015bl\u0119 na email rodzic\u00f3w.<\/strong><\/p>\n<hr \/>\n<h2 style=\"text-align: center;\"><span style=\"color: #000080;\"><strong>PI\u0104TEK<\/strong><\/span><\/h2>\n<hr \/>\n<p><span style=\"text-decoration: underline;\"><em><strong><span style=\"color: #ff0000; text-decoration: underline;\">WYCHOWANIE FIZYCZNE<\/span><\/strong><\/em><\/span><\/p>\n<p><span class=\"js-activity-title-value\" dir=\"auto\">WF online w domu &#8211; <a href=\"https:\/\/wordwall.net\/pl\/resource\/893767\/wychowanie-fizyczne\/wf-online-w-domu-%c4%87wiczenia\"><strong>\u0107wiczenia<\/strong><\/a><\/span><\/p>\n<p><span style=\"text-decoration: underline;\"><em><strong><span style=\"color: #ff0000; text-decoration: underline;\">J\u0118ZYK POLSKI<\/span><\/strong><\/em><\/span><\/p>\n<p><em><strong>Temat<\/strong>: <strong>Podr\u00f3\u017c do ba\u015bniowej krainy czas zacz\u0105\u0107.<\/strong><\/em><\/p>\n<ul>\n<li>Co to jest ba\u015b\u0144? ( strona 206) zapisz i zapami\u0119taj.<\/li>\n<li>Zastan\u00f3w si\u0119 czym r\u00f3\u017cni si\u0119 ba\u015b\u0144 od legendy?<\/li>\n<li>Przyjrzyj si\u0119 obrazowi na stronie 199 i odpowiedz na pytanie 1,2<\/li>\n<\/ul>\n<p>Opisz obraz w\u0142asnymi s\u0142owami mamie, a nast\u0119pnie odpowiedz kr\u00f3tko (pisemnie) na pytanie3.<\/p>\n<p><span style=\"text-decoration: underline;\"><em><strong><span style=\"color: #ff0000; text-decoration: underline;\">PLASTYKA<\/span><\/strong><\/em><\/span><\/p>\n<p>Narysuj w dowolnej technice Bazyliszka \u2013 bohatera ostatnio poznanej legendy.<\/p>\n<p><span style=\"text-decoration: underline;\"><em><strong><span style=\"color: #ff0000; text-decoration: underline;\">MATEMATYKA<\/span><\/strong><\/em><\/span><\/p>\n<p><em><strong>TEMAT LEKCJI: U\u0142amek jako iloraz.<\/strong><\/em> (zapisz w zeszycie)<br \/>\nCel lekcji: Na tej lekcji naucz\u0119 si\u0119 przedstawia\u0107 u\u0142amek jako iloraz liczb naturalnych, a iloraz liczb naturalnych jako u\u0142amek zwyk\u0142y;<\/p>\n<p>Lekcja on-line za po\u015brednictwem Skype o godz. 11.00<br \/>\n1. Wykonamy wsp\u00f3lnie zadania z podr\u0119cznika:<br \/>\n\u2013 zadanie 1 str. 91 \u2013 92 (poziom A, B, C, D)<br \/>\n2. Pr. domowa: Wykonaj prac\u0119 w zeszycie \u0107wicze\u0144:<br \/>\nU\u0142amek jako iloraz, \u0107wicz. 1, 2, 3 str. 113.<br \/>\n3. Dla sprawdzenia swoich umiej\u0119tno\u015bci zaloguj si\u0119 na stronie learningapps.org<\/p>\n","protected":false},"excerpt":{"rendered":"<p>PONIEDZIA\u0141EK RELIGIA Przeczytaj z podr\u0119cznika temat 41. Uzupe\u0142nij zadania z zeszytu \u0107wicze\u0144. J\u0118ZYK POLSKI Temat: Poznajemy legend\u0119 zwi\u0105zan\u0105 z nasz\u0105 miejscowo\u015bci\u0105. Drodzy uczniowie prosz\u0119 odszuka\u0107 w Internecie legend\u0119 o M\u0142odzawach \u2013 zapozna\u0107 si\u0119 z ni\u0105, a nast\u0119pnie w skr\u00f3cie zapisa\u0107 &hellip; <a href=\"http:\/\/spmlodzawy.pl\/index.php\/zadania-dla-klasy-iv-2\/\">Czytaj dalej <span class=\"meta-nav\">&rarr;<\/span><\/a><\/p>\n","protected":false},"author":1,"featured_media":0,"parent":0,"menu_order":0,"comment_status":"closed","ping_status":"closed","template":"","meta":[],"_links":{"self":[{"href":"http:\/\/spmlodzawy.pl\/index.php\/wp-json\/wp\/v2\/pages\/20571"}],"collection":[{"href":"http:\/\/spmlodzawy.pl\/index.php\/wp-json\/wp\/v2\/pages"}],"about":[{"href":"http:\/\/spmlodzawy.pl\/index.php\/wp-json\/wp\/v2\/types\/page"}],"author":[{"embeddable":true,"href":"http:\/\/spmlodzawy.pl\/index.php\/wp-json\/wp\/v2\/users\/1"}],"replies":[{"embeddable":true,"href":"http:\/\/spmlodzawy.pl\/index.php\/wp-json\/wp\/v2\/comments?post=20571"}],"version-history":[{"count":61,"href":"http:\/\/spmlodzawy.pl\/index.php\/wp-json\/wp\/v2\/pages\/20571\/revisions"}],"predecessor-version":[{"id":21007,"href":"http:\/\/spmlodzawy.pl\/index.php\/wp-json\/wp\/v2\/pages\/20571\/revisions\/21007"}],"wp:attachment":[{"href":"http:\/\/spmlodzawy.pl\/index.php\/wp-json\/wp\/v2\/media?parent=20571"}],"curies":[{"name":"wp","href":"https:\/\/api.w.org\/{rel}","templated":true}]}}