{"id":20897,"date":"2020-03-24T00:51:06","date_gmt":"2020-03-23T23:51:06","guid":{"rendered":"http:\/\/spmlodzawy.pl\/?page_id=20897"},"modified":"2020-03-30T15:54:47","modified_gmt":"2020-03-30T13:54:47","slug":"klasy-i-iii-28-marca-3-kwietnia","status":"publish","type":"page","link":"http:\/\/spmlodzawy.pl\/index.php\/klasy-i-iii-28-marca-3-kwietnia\/","title":{"rendered":"KLASY I-III (30 MARCA &#8211; 3 KWIETNIA)"},"content":{"rendered":"<div class=\"entry-content\">\n<p style=\"text-align: justify;\">W tym tygodniu prosz\u0119 obejrze\u0107 film o cechach charakterystycznych wiosny\u00a0&#8211; bardzo si\u0119 Wam przyda podczas rozwi\u0105zywania r\u00f3\u017cnych zada\u0144, \u0107wicze\u0144 &#8211; <a href=\"https:\/\/www.youtube.com\/watch?v=Wjo_Q1OYTmY&amp;fbclid=IwAR2aclZ_2mT05lT29whM9n_jcRIsyx-SdpThFeIpNXgAv0bjviWrhp9ZXDE\"><em><strong>WIOSNA<\/strong><\/em><\/a><\/p>\n<p style=\"text-align: justify;\">Nauczcie si\u0119 te\u017c piosenki Ma\u0142ej Orkiestry Dni Naszych <strong><em><a href=\"https:\/\/www.youtube.com\/watch?v=hHvqucAAN28\">&#8222;PIOSENKA O WIO\u015aNIE&#8221;<\/a>.<\/em><\/strong><\/p>\n<p style=\"text-align: justify;\">&#8222;Skakankowo&#8221; zaprasza was do sportowej rozgrzewki przy muzyce dla ka\u017cdego\u00a0 &#8211; <a href=\"https:\/\/www.youtube.com\/watch?v=nmu0knA5bLY&amp;fbclid=IwAR2si2B4FdjX4p_tEXlgvQNifSTWa9GJIUIxmB9336LIA4x2t19-j9BmikQ\"><em><strong>&#8222;RUSZAJ CA\u0141E CIA\u0141O&#8221;.<\/strong><\/em><\/a><\/p>\n<p style=\"text-align: justify;\"><strong><em><span style=\"color: #ff6600;\">Proponuj\u0119 te\u017c mn\u00f3stwo dobrej interaktywnej zabawy dla uczni\u00f3w poszczeg\u00f3lnych klas. Zadania dydaktyczne zamieszczone na tej stronie s\u0105 wszechstronne, ciekawe, rozwijaj\u0105ce, no i przede wszystkim jest ich ca\u0142e mn\u00f3stwo!<\/span><\/em><\/strong><\/p>\n<ul>\n<li style=\"text-align: justify;\"><a href=\"https:\/\/wordwall.net\/pl-pl\/community\/klasa-1\"><em><strong>KLASA I<\/strong><\/em><\/a><\/li>\n<li style=\"text-align: justify;\"><a href=\"https:\/\/wordwall.net\/pl-pl\/community\/klasa-2\"><em><strong>KLASA II<\/strong><\/em><\/a><\/li>\n<li style=\"text-align: justify;\"><a href=\"https:\/\/wordwall.net\/pl-pl\/community\/klasa-3\"><em><strong>KLASA III<\/strong><\/em><\/a><\/li>\n<\/ul>\n<p><span style=\"color: #000080;\"><em><strong>Bie\u017c\u0105ce zadania i \u0107wiczenia nauczyciele ustalaj\u0105 z rodzicami i uczniami przez Messengera, telefonicznie, b\u0105d\u017a na adres e-mail:<\/strong><\/em><\/span><\/p>\n<ul>\n<li><em>wychowawca klasy<\/em><em>I e-mail<\/em>: <a href=\"mailto:tomcug@poczta.fm\"><em>tomcug@poczta.fm<\/em><\/a><\/li>\n<li><em>wychowawca klasy II e-mail: <a href=\"mailto:agroaga@o2.pl\">agroaga@o2.pl<\/a><\/em><\/li>\n<li><em>wychowawca klasy III e-mail: <a href=\"mailto:renata.basag@gmail.com\">renata.basag@gmail.com<\/a><\/em><\/li>\n<li><em>nauczyciel j\u0119zyka angielskiego<\/em><em>e-mail<\/em>: <i><a href=\"mailto:m.willow@wp.pl\">m.willow@wp.pl<\/a>\u00a0<\/i><\/li>\n<li><em>nauczyciel religii e-mail: <a href=\"mailto:biedor@op.pl\">biedor@op.pl<\/a><\/em><\/li>\n<\/ul>\n<p style=\"text-align: justify;\"><span style=\"color: #ff6600;\"><em><strong><span style=\"color: #ff0000;\">KOCHANI! PODAM JESZCZE LINK DO ZAJ\u0118\u0106 KOREKCYJNO &#8211; KOMPENSACYJNYCH. TO ZADANIE NA BIE\u017b\u0104CY TYDZIE\u0143 PRZYGOTOWA\u0141A DLA WAS PANI IZA!<\/span><\/strong><strong> <a href=\"http:\/\/spmlodzawy.pl\/wp-content\/uploads\/2020\/03\/zajecia-korekcyjne.pdf\">ZADANIE<\/a><\/strong> <\/em><\/span><\/p>\n<p style=\"text-align: justify;\"><em><strong>Poni\u017cej przedstawiamy zadania z j\u0119zyka angielskiego i religii na nadchodz\u0105ce dni<br \/>\n<\/strong><\/em><\/p>\n<hr \/>\n<h2 style=\"text-align: center;\"><span style=\"color: #000080;\"><strong>KLASA I<\/strong><\/span><\/h2>\n<hr \/>\n<h3><strong><span style=\"color: #008000;\">PONIEDZIA\u0141EK<\/span><\/strong><\/h3>\n<p><span style=\"text-decoration: underline;\"><em><strong><span style=\"color: #ff0000; text-decoration: underline;\">RELIGIA<\/span><\/strong><\/em><\/span><\/p>\n<p style=\"text-align: justify;\"><strong><em>Temat: Przepraszamy rodzic\u00f3w, rodze\u0144stwo, koleg\u00f3w.<\/em><\/strong><br \/>\n<em>Cele:<\/em><br \/>\n<em>&#8211; Zrozumiesz, \u017ce pope\u0142nione z\u0142o niszczy przyja\u017a\u0144 i zgod\u0119 mi\u0119dzy lud\u017ami.<\/em><br \/>\n<em>&#8211; B\u0119dziesz przeprasza\u0142 najbli\u017cszych w rodzinie oraz koleg\u00f3w.<\/em><\/p>\n<p style=\"text-align: justify;\">Zadanie do domu: Przepro\u015b dzisiaj swoich bliskich w rodzinie.<br \/>\n(prosz\u0119 o przes\u0142anie wcze\u015bniejszych prac na maila: <a href=\"mailto:biedor@op.pl\">biedor@op.pl<\/a>)<\/p>\n<h3><strong><span style=\"color: #008000;\">WTOREK<\/span><\/strong><\/h3>\n<p><span style=\"text-decoration: underline;\"><em><strong><span style=\"color: #ff0000; text-decoration: underline;\">J\u0118ZYK ANGIELSKI<\/span><\/strong><\/em><\/span><\/p>\n<p><em>Cele lekcji: <\/em><br \/>\n<em>&#8211; utrwalisz nazwy cz\u0119\u015bci cia\u0142a, <\/em><br \/>\n<em>&#8211; po\u0107wiczysz pisanie.<\/em><\/p>\n<p style=\"text-align: justify;\">Narysuj w zeszycie posta\u0107 dziecka. Podpisz po angielsku 4 wybrane przez siebie cz\u0119\u015bci cia\u0142a obok obrazka \u2013 wyraz mo\u017cesz po\u0142\u0105czy\u0107 strza\u0142k\u0105 z w\u0142a\u015bciw\u0105 cz\u0119\u015bci\u0105 cia\u0142a. Wykonuj\u0105c \u0107wiczenie, mo\u017cesz skorzysta\u0107 z podr\u0119cznika \u2013 na stronie 70 i 72 mo\u017cesz sprawdzi\u0107 jak poprawnie zapisa\u0107 wyrazy.<\/p>\n<p style=\"text-align: justify;\">Praca b\u0119dzie oceniona. Prosz\u0119 rodzic\u00f3w, by wykonali zdj\u0119cie wykonanego rysunku telefonem i przes\u0142ali je na e-mail <a href=\"mailto:m.willow@wp.pl\">m.willow@wp.pl <\/a>Je\u015bli nie maj\u0105 Pa\u0144stwo mo\u017cliwo\u015bci wykonania zdj\u0119cia, praca zostanie oceniona po powrocie do szko\u0142y.<\/p>\n<h3><strong><span style=\"color: #008000;\">PI\u0104TEK<\/span><\/strong><\/h3>\n<p><span style=\"text-decoration: underline;\"><strong><em><span style=\"color: #ff0000; text-decoration: underline;\">J\u0118ZYK ANGIELSKI<\/span><\/em><\/strong><\/span><\/p>\n<p><em>Cele lekcji:<\/em><br \/>\n<em>&#8211; powt\u00f3rzysz i utrwalisz nazwy kolor\u00f3w.<\/em><\/p>\n<p>Pos\u0142uchaj piosenki o kolorach:<br \/>\n<a href=\"https:\/\/www.youtube.com\/watch?v=SLZcWGQQsmg\">https:\/\/www.youtube.com\/watch?v=SLZcWGQQsmg<\/a><\/p>\n<p>Powt\u00f3rz g\u0142o\u015bno nazwy kolor\u00f3w, kt\u00f3re pojawi\u0142y si\u0119 w nagraniu. Mo\u017cesz spr\u00f3bowa\u0107 za\u015bpiewa\u0107 t\u0119 piosenk\u0119.<\/p>\n<p style=\"text-align: justify;\"><i>W razie pyta\u0144 lub w\u0105tpliwo\u015bci dotycz\u0105cych sposobu wykonania \u0107wicze\u0144 z j\u0119zyka angielskiego rodzice mog\u0105 kontaktowa\u0107 si\u0119 z pani\u0105 Milen\u0105 Wierzb\u0105 poprzez\u00a0 wys\u0142anie wiadomo\u015bci e-mail na adres <a href=\"mailto:m.willow@wp.pl\">m.willow@wp.pl<\/a>\u00a0<\/i><\/p>\n<p><strong><em><span style=\"text-decoration: underline;\"><span style=\"color: #ff0000; text-decoration: underline;\">RELIGIA<\/span><\/span><\/em><\/strong><\/p>\n<p><strong><em>Temat: Rado\u015bnie witamy Jezusa Kr\u00f3la- Niedziela Palmowa.<\/em><\/strong><br \/>\n<em>Cele: <\/em><br \/>\n<em>&#8211; Potrafisz ozdobi\u0107 palm\u0119.<\/em><br \/>\n<em>&#8211; Wyrazisz rado\u015b\u0107 z powitania Jezusa, kt\u00f3ry do nas przychodzi.<\/em><\/p>\n<p>Zadanie: Narysuj palm\u0119 i ozd\u00f3b j\u0105.<br \/>\n(Prac\u0119 prosz\u0119 przes\u0142a\u0107 na maila <a href=\"mailto:biedor@op.pl\">biedor@op.pl<\/a>)<\/p>\n<hr \/>\n<h2 style=\"text-align: center;\"><span style=\"color: #000080;\"><strong>KLASA\u00a0 II<\/strong><\/span><\/h2>\n<hr \/>\n<h3><strong><span style=\"color: #008000;\">PONIEDZIA\u0141EK<\/span><\/strong><\/h3>\n<p><em><span style=\"text-decoration: underline;\"><strong><span style=\"color: #ff0000; text-decoration: underline;\">J\u0118ZYK ANGIELSKI<\/span><\/strong><\/span><\/em><\/p>\n<p><em>Cele lekcji:<\/em><br \/>\n<em>&#8211; powt\u00f3rzysz nazwy zwierz\u0105t morskich,<\/em><br \/>\n<em>&#8211; rozwiniesz umiej\u0119tno\u015b\u0107 s\u0142uchania ze zrozumieniem.<\/em><\/p>\n<p>Wejd\u017a na stron\u0119:<br \/>\n<a href=\"http:\/\/innowacja.sfera.lublin.pl\/lessons\/k1a8\/index.html#bottom\">http:\/\/innowacja.sfera.lublin.pl\/lessons\/k1a8\/index.html#bottom<\/a><\/p>\n<p>Klikaj na ikonki, by powt\u00f3rzy\u0107 s\u0142ownictwo, obejrze\u0107 filmik i zagra\u0107 w gry.<\/p>\n<p style=\"text-align: justify;\"><i>W razie pyta\u0144 lub w\u0105tpliwo\u015bci dotycz\u0105cych sposobu wykonania \u0107wicze\u0144 z j\u0119zyka angielskiego rodzice mog\u0105 kontaktowa\u0107 si\u0119 z pani\u0105 Milen\u0105 Wierzb\u0105 poprzez\u00a0 wys\u0142anie wiadomo\u015bci e-mail na adres <a href=\"mailto:m.willow@wp.pl\">m.willow@wp.pl<\/a>\u00a0<\/i><\/p>\n<p><span style=\"text-decoration: underline;\"><em><strong><span style=\"color: #ff0000; text-decoration: underline;\">RELIGIA<\/span><\/strong><\/em><\/span><\/p>\n<p><strong><em>Temat: Modlitwa Jezusa w Ogrodzie Oliwnym.<\/em><\/strong><br \/>\n<em>Cele:<\/em><br \/>\n<em>&#8211; Zrozumiesz, \u017ce pos\u0142usze\u0144stwo jest wyrazem mi\u0142o\u015bci.<\/em><br \/>\n<em>&#8211; Postarasz si\u0119 by\u0107 pos\u0142usznym Bogu, rodzicom, nauczycielom.<\/em><\/p>\n<p>Zadanie: Naucz si\u0119 modlitwy: Kt\u00f3ry\u015b za nas cierpia\u0142 rany, Jezu Chryste zmi\u0142uj si\u0119 nad nami.<br \/>\n(Prosz\u0119 o przes\u0142anie wcze\u015bniejszych prac na maila: <a href=\"mailto:biedor@op.pl\">biedor@op.pl<\/a>)<\/p>\n<h3><strong><span style=\"color: #008000;\">\u015aRODA<\/span><\/strong><\/h3>\n<p><em><strong><span style=\"text-decoration: underline; color: #ff0000;\">RELIGIA<\/span><\/strong><\/em><\/p>\n<\/div>\n<p><em><strong>Temat: Droga krzy\u017cowa Pana Jezusa.<\/strong><br \/>\nCele:<br \/>\n&#8211; Zapami\u0119tasz s\u0142owo &#8222;Droga Krzy\u017cowa&#8221;<br \/>\n&#8211; B\u0119dziesz ch\u0119tnie pomaga\u0142 swoim najbli\u017cszym<\/em><\/p>\n<p>Zadanie: Porozmawiaj z rodzicami o drodze krzy\u017cowej i o tym , kogo Jezus na niej spotka\u0142.<br \/>\n(Prosz\u0119 o przes\u0142anie prac na maila: <a href=\"mailto:biedor@op.pl\">biedor@op.pl<\/a>)<\/p>\n<div class=\"entry-content\">\n<h3><strong><span style=\"color: #008000;\">CZWARTEK<\/span><\/strong><\/h3>\n<p><span style=\"text-decoration: underline;\"><em><strong><span style=\"color: #ff0000; text-decoration: underline;\">J\u0118ZYK ANGIELSKI<\/span><\/strong><\/em><\/span><\/p>\n<p style=\"text-align: justify;\"><em>Cel lekcji: <\/em><br \/>\n<em>&#8211; powt\u00f3rzysz s\u0142ownictwo zwi\u0105zane ze zwierz\u0119tami.<\/em><\/p>\n<p style=\"text-align: justify;\">Wejd\u017a na stron\u0119 i zagraj. <a href=\"https:\/\/www.digipuzzle.net\/animals\/collection\/puzzles\/wordquiz.htm?language=english&amp;linkback=..\/..\/..\/index.htm\">https:\/\/www.digipuzzle.net\/animals\/collection\/puzzles\/wordquiz.htm?language=english&amp;linkback=..\/..\/..\/index.htm<\/a><\/p>\n<p style=\"text-align: justify;\"><i>W razie pyta\u0144 lub w\u0105tpliwo\u015bci dotycz\u0105cych sposobu wykonania \u0107wicze\u0144 z j\u0119zyka angielskiego rodzice mog\u0105 kontaktowa\u0107 si\u0119 z pani\u0105 Milen\u0105 Wierzb\u0105 poprzez\u00a0 wys\u0142anie wiadomo\u015bci e-mail na adres <a href=\"mailto:m.willow@wp.pl\">m.willow@wp.pl<\/a>\u00a0<\/i><\/p>\n<hr \/>\n<h2 style=\"text-align: center;\"><span style=\"color: #000080;\"><strong>KLASA\u00a0 III<\/strong><\/span><\/h2>\n<hr \/>\n<h3><strong><span style=\"color: #008000;\">PONIEDZIA\u0141EK<\/span><\/strong><\/h3>\n<p><em><span style=\"text-decoration: underline;\"><strong><span style=\"color: #ff0000; text-decoration: underline;\">J\u0118ZYK ANGIELSKI<\/span><\/strong><\/span><\/em><\/p>\n<p><em>Cel lekcji:<\/em><br \/>\n<em>&#8211; powt\u00f3rzysz s\u0142ownictwo zwi\u0105zane z czasem wolnym.<\/em><\/p>\n<p>Przypomnij sobie s\u0142\u00f3wka ze strony 58 podr\u0119cznika. Wykonaj \u0107wiczenie 1 na stronie 72 \u0107wiczeni\u00f3wki.<\/p>\n<p>\u0106wiczenie zostanie ocenione. Prosz\u0119 rodzic\u00f3w o przes\u0142anie zdj\u0119cia rozwi\u0105zanego zadania e-mailem na adres m.willow@wp.pl Je\u015bli nie maj\u0105 Pa\u0144stwo takiej mo\u017cliwo\u015bci, \u0107wiczenie zostanie sprawdzone i ocenione po powrocie do szko\u0142y.<\/p>\n<p style=\"text-align: justify;\"><i>W razie pyta\u0144 lub w\u0105tpliwo\u015bci dotycz\u0105cych sposobu wykonania \u0107wicze\u0144 z j\u0119zyka angielskiego rodzice mog\u0105 kontaktowa\u0107 si\u0119 z pani\u0105 Milen\u0105 Wierzb\u0105 poprzez\u00a0 wys\u0142anie wiadomo\u015bci e-mail na adres <a href=\"mailto:m.willow@wp.pl\">m.willow@wp.pl<\/a>\u00a0<\/i><\/p>\n<h3><strong><span style=\"color: #008000;\">\u015aRODA<\/span><\/strong><\/h3>\n<p><em><strong><span style=\"text-decoration: underline; color: #ff0000;\">J\u0118ZYK ANGIELSKI<\/span><\/strong><\/em><\/p>\n<p><em>Cel lekcji:<\/em><br \/>\n<em>&#8211; udoskonalisz umiej\u0119tno\u015b\u0107 czytania.<\/em><\/p>\n<ul>\n<li>Przypomnij sobie tekst czytanki ze strony 58 podr\u0119cznika.<\/li>\n<li>Wykonaj \u0107wiczenie 2 ze strony 72 \u0107wiczeni\u00f3wki<\/li>\n<\/ul>\n<p style=\"text-align: justify;\"><i>W razie pyta\u0144 lub w\u0105tpliwo\u015bci dotycz\u0105cych sposobu wykonania \u0107wicze\u0144 z j\u0119zyka angielskiego rodzice mog\u0105 kontaktowa\u0107 si\u0119 z pani\u0105 Milen\u0105 Wierzb\u0105 poprzez\u00a0 wys\u0142anie wiadomo\u015bci e-mail na adres <a href=\"mailto:m.willow@wp.pl\">m.willow@wp.pl<\/a>\u00a0<\/i><\/p>\n<p><strong><em><span style=\"text-decoration: underline;\"><span style=\"color: #ff0000; text-decoration: underline;\">RELIGIA<\/span><\/span><\/em><\/strong><\/p>\n<p><strong><em>Temat: Szczera spowied\u017a spotkaniem z przebaczaj\u0105cym Jezusem.<\/em><\/strong><br \/>\n<em>Cele: <\/em><br \/>\n<em>&#8211; Przypomnisz sobie regu\u0142k\u0119 spowiedzi.<\/em><br \/>\n<em>&#8211; Dobrze przygotujesz si\u0119 do spowiedzi.<\/em><\/p>\n<p>Zadanie: Powt\u00f3rz regu\u0142k\u0119 spowiedzi.<br \/>\nWykonaj zadania z zeszytu \u0107wicze\u0144.<br \/>\n(Zadania z zeszytu \u0107w. prze\u015blij na maila: <a href=\"mailto:biedor@op.pl\">biedor@op.pl<\/a>)<\/p>\n<h3><strong><span style=\"color: #008000;\">PI\u0104TEK<\/span><\/strong><\/h3>\n<p><em><strong><span style=\"text-decoration: underline; color: #ff0000;\">RELIGIA<\/span><\/strong><\/em><\/p>\n<p><strong><em>Temat: Zado\u015b\u0107uczynienie wynagrodzeniem Bogu i ludziom.<\/em><\/strong><br \/>\n<em>Cele:<\/em><br \/>\n<em>&#8211; Przypomnisz sobie warunki sakramentu pokuty.<\/em><br \/>\n<em>&#8211; dowiesz si\u0119, \u017ce nale\u017cy koniecznie naprawia\u0107 krzywdy.<\/em><\/p>\n<p>Zadanie: Przypomnij sobie warunki sakramentu pokuty. Wykonaj zadania z zeszytu \u0107wicze\u0144.<br \/>\n(Zadania z zeszytu \u0107w. prze\u015blij na maila: <a href=\"mailto:biedor@op.pl\">biedor@op.pl<\/a>)<\/p>\n<\/div>\n","protected":false},"excerpt":{"rendered":"<p>W tym tygodniu prosz\u0119 obejrze\u0107 film o cechach charakterystycznych wiosny\u00a0&#8211; bardzo si\u0119 Wam przyda podczas rozwi\u0105zywania r\u00f3\u017cnych zada\u0144, \u0107wicze\u0144 &#8211; WIOSNA Nauczcie si\u0119 te\u017c piosenki Ma\u0142ej Orkiestry Dni Naszych &#8222;PIOSENKA O WIO\u015aNIE&#8221;. &#8222;Skakankowo&#8221; zaprasza was do sportowej rozgrzewki przy muzyce &hellip; <a href=\"http:\/\/spmlodzawy.pl\/index.php\/klasy-i-iii-28-marca-3-kwietnia\/\">Czytaj dalej <span class=\"meta-nav\">&rarr;<\/span><\/a><\/p>\n","protected":false},"author":1,"featured_media":0,"parent":0,"menu_order":0,"comment_status":"closed","ping_status":"closed","template":"","meta":[],"_links":{"self":[{"href":"http:\/\/spmlodzawy.pl\/index.php\/wp-json\/wp\/v2\/pages\/20897"}],"collection":[{"href":"http:\/\/spmlodzawy.pl\/index.php\/wp-json\/wp\/v2\/pages"}],"about":[{"href":"http:\/\/spmlodzawy.pl\/index.php\/wp-json\/wp\/v2\/types\/page"}],"author":[{"embeddable":true,"href":"http:\/\/spmlodzawy.pl\/index.php\/wp-json\/wp\/v2\/users\/1"}],"replies":[{"embeddable":true,"href":"http:\/\/spmlodzawy.pl\/index.php\/wp-json\/wp\/v2\/comments?post=20897"}],"version-history":[{"count":20,"href":"http:\/\/spmlodzawy.pl\/index.php\/wp-json\/wp\/v2\/pages\/20897\/revisions"}],"predecessor-version":[{"id":21164,"href":"http:\/\/spmlodzawy.pl\/index.php\/wp-json\/wp\/v2\/pages\/20897\/revisions\/21164"}],"wp:attachment":[{"href":"http:\/\/spmlodzawy.pl\/index.php\/wp-json\/wp\/v2\/media?parent=20897"}],"curies":[{"name":"wp","href":"https:\/\/api.w.org\/{rel}","templated":true}]}}