{"id":22996,"date":"2020-06-07T12:24:33","date_gmt":"2020-06-07T10:24:33","guid":{"rendered":"http:\/\/spmlodzawy.pl\/?page_id=22996"},"modified":"2020-06-07T12:25:35","modified_gmt":"2020-06-07T10:25:35","slug":"zabawy-i-zadania-dla-dzieci-z-przedszkola-5","status":"publish","type":"page","link":"http:\/\/spmlodzawy.pl\/index.php\/zabawy-i-zadania-dla-dzieci-z-przedszkola-5\/","title":{"rendered":"ZABAWY I ZADANIA DLA DZIECI Z PRZEDSZKOLA"},"content":{"rendered":"<div class=\"entry-content\">\n<p><em><span style=\"text-decoration: underline;\"><strong><span style=\"color: #ff0000; text-decoration: underline;\">J\u0118ZYK ANGIELSKI<\/span><\/strong><\/span><\/em><\/p>\n<p>Pos\u0142uchaj piosenki, by pozna\u0107 nazwy uczu\u0107. Mo\u017cesz j\u0105 za\u015bpiewa\u0107.<\/p>\n<p><iframe loading=\"lazy\" width=\"640\" height=\"360\" src=\"https:\/\/www.youtube.com\/embed\/a1NIWCr0R-k?feature=oembed\" frameborder=\"0\" allow=\"accelerometer; autoplay; encrypted-media; gyroscope; picture-in-picture\" allowfullscreen><\/iframe><\/p>\n<p>Obejrzyj filmik i spr\u00f3buj zgadn\u0105\u0107, co czuje dziewczynka w r\u00f3\u017cnych sytuacjach.<\/p>\n<p><iframe loading=\"lazy\" width=\"640\" height=\"360\" src=\"https:\/\/www.youtube.com\/embed\/dOkyKyVFnSs?feature=oembed\" frameborder=\"0\" allow=\"accelerometer; autoplay; encrypted-media; gyroscope; picture-in-picture\" allowfullscreen><\/iframe><\/p>\n<p><em><span style=\"text-decoration: underline;\"><strong><span style=\"color: #ff0000; text-decoration: underline;\">RELIGIA<\/span><\/strong><\/span><\/em><\/p>\n<p>Prosz\u0119 w miar\u0119 swoich mo\u017cliwo\u015bci wykona\u0107 polecenia z tematu 40.<br \/>\nMo\u017cna skorzysta\u0107 ze strony:<\/p>\n<ul>\n<li><a href=\"https:\/\/drive.google.com\/file\/d\/1yy8si3TZwxvo7dK_Ezkx77dqTX4rAJ-K\/view?usp=sharing\">https:\/\/drive.google.com\/file\/d\/1yy8si3TZwxvo7dK_Ezkx77dqTX4rAJ-K\/view?usp=sharing<\/a><\/li>\n<li><a href=\"https:\/\/drive.google.com\/file\/d\/1iPAtWTr5YENnjRW9WMlHk5C97MsOwRcb\/view?usp=sharing\">https:\/\/drive.google.com\/file\/d\/1iPAtWTr5YENnjRW9WMlHk5C97MsOwRcb\/view?usp=sharing <\/a><\/li>\n<\/ul>\n<p>Prace prosz\u0119 przes\u0142a\u0107: <a href=\"mailto:biedor@op.pl\">biedor@op.pl<\/a><\/p>\n<\/div>\n","protected":false},"excerpt":{"rendered":"<p>J\u0118ZYK ANGIELSKI Pos\u0142uchaj piosenki, by pozna\u0107 nazwy uczu\u0107. Mo\u017cesz j\u0105 za\u015bpiewa\u0107. Obejrzyj filmik i spr\u00f3buj zgadn\u0105\u0107, co czuje dziewczynka w r\u00f3\u017cnych sytuacjach. RELIGIA Prosz\u0119 w miar\u0119 swoich mo\u017cliwo\u015bci wykona\u0107 polecenia z tematu 40. Mo\u017cna skorzysta\u0107 ze strony: https:\/\/drive.google.com\/file\/d\/1yy8si3TZwxvo7dK_Ezkx77dqTX4rAJ-K\/view?usp=sharing https:\/\/drive.google.com\/file\/d\/1iPAtWTr5YENnjRW9WMlHk5C97MsOwRcb\/view?usp=sharing Prace &hellip; <a href=\"http:\/\/spmlodzawy.pl\/index.php\/zabawy-i-zadania-dla-dzieci-z-przedszkola-5\/\">Czytaj dalej <span class=\"meta-nav\">&rarr;<\/span><\/a><\/p>\n","protected":false},"author":1,"featured_media":0,"parent":0,"menu_order":0,"comment_status":"closed","ping_status":"closed","template":"","meta":[],"_links":{"self":[{"href":"http:\/\/spmlodzawy.pl\/index.php\/wp-json\/wp\/v2\/pages\/22996"}],"collection":[{"href":"http:\/\/spmlodzawy.pl\/index.php\/wp-json\/wp\/v2\/pages"}],"about":[{"href":"http:\/\/spmlodzawy.pl\/index.php\/wp-json\/wp\/v2\/types\/page"}],"author":[{"embeddable":true,"href":"http:\/\/spmlodzawy.pl\/index.php\/wp-json\/wp\/v2\/users\/1"}],"replies":[{"embeddable":true,"href":"http:\/\/spmlodzawy.pl\/index.php\/wp-json\/wp\/v2\/comments?post=22996"}],"version-history":[{"count":2,"href":"http:\/\/spmlodzawy.pl\/index.php\/wp-json\/wp\/v2\/pages\/22996\/revisions"}],"predecessor-version":[{"id":22999,"href":"http:\/\/spmlodzawy.pl\/index.php\/wp-json\/wp\/v2\/pages\/22996\/revisions\/22999"}],"wp:attachment":[{"href":"http:\/\/spmlodzawy.pl\/index.php\/wp-json\/wp\/v2\/media?parent=22996"}],"curies":[{"name":"wp","href":"https:\/\/api.w.org\/{rel}","templated":true}]}}