{"id":42110,"date":"2023-02-17T19:51:03","date_gmt":"2023-02-17T18:51:03","guid":{"rendered":"http:\/\/spmlodzawy.pl\/?page_id=42110"},"modified":"2023-02-17T19:51:03","modified_gmt":"2023-02-17T18:51:03","slug":"fantastyczne-przedszkolaki-figuraki","status":"publish","type":"page","link":"http:\/\/spmlodzawy.pl\/index.php\/fantastyczne-przedszkolaki-figuraki\/","title":{"rendered":"\u201eFANTASTYCZNE PRZEDSZKOLAKI FIGURAKI\u201d"},"content":{"rendered":"<p style=\"text-align: justify;\"><em><strong><img decoding=\"async\" loading=\"lazy\" class=\"alignnone size-medium wp-image-42111 alignleft\" src=\"http:\/\/spmlodzawy.pl\/wp-content\/uploads\/2023\/02\/mBank_logo_fundacja_RGB-1-300x86.jpg\" alt=\"\" width=\"300\" height=\"86\" srcset=\"http:\/\/spmlodzawy.pl\/wp-content\/uploads\/2023\/02\/mBank_logo_fundacja_RGB-1-300x86.jpg 300w, http:\/\/spmlodzawy.pl\/wp-content\/uploads\/2023\/02\/mBank_logo_fundacja_RGB-1-768x219.jpg 768w, http:\/\/spmlodzawy.pl\/wp-content\/uploads\/2023\/02\/mBank_logo_fundacja_RGB-1-1024x292.jpg 1024w\" sizes=\"(max-width: 300px) 100vw, 300px\" \/>Inicjatywa jest realizowana <\/strong><\/em><em><strong>i finansowana <\/strong><\/em><strong>w ramach programu grantowego \u201eRosn\u0119 z matematyk\u0105\u201d<em>\u00a0 Fundacji mBanku.<\/em><\/strong><\/p>\n<p style=\"text-align: justify;\">W ramach projektu rozwiniemy kompetencje matematyczne w zakresie figur geometrycznych u naszych przedszkolak\u00f3w. Do dzia\u0142a\u0144 zaanga\u017cujemy rodzic\u00f3w i dziadk\u00f3w. W dni wolne od zaj\u0119\u0107 zorganizujemy gr\u0119 terenow\u0105, warsztaty i zaj\u0119cia edukacyjne, prowadzone przez nauczycielki przedszkola przy wsparciu n-la matematyki ze szko\u0142y podstawowej.<\/p>\n<p style=\"text-align: justify;\">Cele projektu:<\/p>\n<ul style=\"text-align: justify;\">\n<li>Rozwijanie u dzieci kompetencji matematycznych dotycz\u0105cych poznawania figur geometrycznych poprzez gry, zabawy manualne i ruchowe oraz zabawy z robotami edukacyjnymi.<\/li>\n<li>Rozwijanie w\u015br\u00f3d dzieci kreatywno\u015bci, logicznego my\u015blenia, szukania matematyki w \u017cyciu codziennym.<\/li>\n<li>U\u015bwiadomienie i pokazanie rodzicom i dziadkom znaczenia wsp\u00f3lnych zabaw i gier matematycznych dla rozwoju dzieci.<\/li>\n<\/ul>\n<p style=\"text-align: justify;\">Na warsztatach i zaj\u0119ciach rozszerzymy zakres wprowadzanych figur geometrycznych, nauczymy si\u0119 liczy\u0107 i mierzy\u0107 odleg\u0142o\u015bci wykraczaj\u0105c poza podstaw\u0119 programow\u0105. Podczas matematycznego kodowania b\u0119dziemy kszta\u0142towa\u0107 orientacj\u0119 w przestrzeni i okre\u015bla\u0107 kierunki podczas tworzenia kodu dla robota. Nauczymy si\u0119 wa\u017cy\u0107 produkty i odmierza\u0107 ich pojemno\u015b\u0107 podczas przygotowania ciastek. Zastosujemy niestandardowe metody nauczania, m.in. gr\u0119 terenow\u0105, zabawy z robotami edukacyjnymi.<\/p>\n<p style=\"text-align: justify;\">Podczas ka\u017cdego spotkania przygotujemy dla uczestnik\u00f3w \u201egeometryczny pocz\u0119stunek\u201d.<\/p>\n<p style=\"text-align: justify;\">Dzia\u0142aniem fina\u0142owym b\u0119dzie wyst\u0119p dzieci, prezentacja filmu podsumowuj\u0105cego projekt dla zaproszonych go\u015bci.<\/p>\n<p style=\"text-align: justify;\">Zapowiada si\u0119 super zabawa z matematyk\u0105.<\/p>\n","protected":false},"excerpt":{"rendered":"<p>Inicjatywa jest realizowana i finansowana w ramach programu grantowego \u201eRosn\u0119 z matematyk\u0105\u201d\u00a0 Fundacji mBanku. W ramach projektu rozwiniemy kompetencje matematyczne w zakresie figur geometrycznych u naszych przedszkolak\u00f3w. Do dzia\u0142a\u0144 zaanga\u017cujemy rodzic\u00f3w i dziadk\u00f3w. W dni wolne od zaj\u0119\u0107 zorganizujemy gr\u0119 &hellip; <a href=\"http:\/\/spmlodzawy.pl\/index.php\/fantastyczne-przedszkolaki-figuraki\/\">Czytaj dalej <span class=\"meta-nav\">&rarr;<\/span><\/a><\/p>\n","protected":false},"author":1,"featured_media":0,"parent":0,"menu_order":0,"comment_status":"closed","ping_status":"closed","template":"","meta":[],"_links":{"self":[{"href":"http:\/\/spmlodzawy.pl\/index.php\/wp-json\/wp\/v2\/pages\/42110"}],"collection":[{"href":"http:\/\/spmlodzawy.pl\/index.php\/wp-json\/wp\/v2\/pages"}],"about":[{"href":"http:\/\/spmlodzawy.pl\/index.php\/wp-json\/wp\/v2\/types\/page"}],"author":[{"embeddable":true,"href":"http:\/\/spmlodzawy.pl\/index.php\/wp-json\/wp\/v2\/users\/1"}],"replies":[{"embeddable":true,"href":"http:\/\/spmlodzawy.pl\/index.php\/wp-json\/wp\/v2\/comments?post=42110"}],"version-history":[{"count":1,"href":"http:\/\/spmlodzawy.pl\/index.php\/wp-json\/wp\/v2\/pages\/42110\/revisions"}],"predecessor-version":[{"id":42112,"href":"http:\/\/spmlodzawy.pl\/index.php\/wp-json\/wp\/v2\/pages\/42110\/revisions\/42112"}],"wp:attachment":[{"href":"http:\/\/spmlodzawy.pl\/index.php\/wp-json\/wp\/v2\/media?parent=42110"}],"curies":[{"name":"wp","href":"https:\/\/api.w.org\/{rel}","templated":true}]}}