{"id":45182,"date":"2023-09-15T18:21:58","date_gmt":"2023-09-15T16:21:58","guid":{"rendered":"http:\/\/spmlodzawy.pl\/?page_id=45182"},"modified":"2023-09-15T18:23:33","modified_gmt":"2023-09-15T16:23:33","slug":"superkoderzy-6","status":"publish","type":"page","link":"http:\/\/spmlodzawy.pl\/index.php\/superkoderzy-6\/","title":{"rendered":"SUPERKODERZY"},"content":{"rendered":"<p style=\"text-align: justify;\"><img decoding=\"async\" loading=\"lazy\" class=\"image wp-image-23670 attachment-160x160 alignleft\" src=\"http:\/\/spmlodzawy.pl\/wp-content\/uploads\/2020\/09\/FO_post_FB_4-300x300.png\" alt=\"\" width=\"145\" height=\"145\" srcset=\"http:\/\/spmlodzawy.pl\/wp-content\/uploads\/2020\/09\/FO_post_FB_4-300x300.png 300w, http:\/\/spmlodzawy.pl\/wp-content\/uploads\/2020\/09\/FO_post_FB_4-300x300-150x150.png 150w\" sizes=\"(max-width: 145px) 100vw, 145px\" \/>W roku szkolnym 2023\/2024 w naszej szkole po raz pi\u0105ty b\u0119d\u0105 dzia\u0142ali #SuperKoderzy.<\/p>\n<p style=\"text-align: justify;\"><em><strong>#SuperKoderzy<\/strong><\/em> to og\u00f3lnopolski program edukacyjny Fundacji Orange, kt\u00f3rego kluczowym elementem jest nauka programowania. Adresowany jest do szk\u00f3\u0142 podstawowych oraz uczni\u00f3w w wieku 9 \u2013 14 lat.<\/p>\n<p style=\"text-align: justify;\">Tym razem \u015bcie\u017cka jak\u0105 b\u0119dziemy realizowa\u0107 to Cyfrowi DJe podczas kt\u00f3rej wydob\u0119dziemy muzyk\u0119 z owoc\u00f3w, \u0142y\u017cek, cukierk\u00f3w, o\u0142\u00f3wk\u00f3w i innych przedmiot\u00f3w. Zagramy w gry zr\u0119czno\u015bciowe z u\u017cyciem naszych r\u0105k i st\u00f3p oraz b\u0119dziemy wykonywa\u0107 wiele innych ciekawych rzeczy super si\u0119 przy tym bawi\u0105c.<\/p>\n","protected":false},"excerpt":{"rendered":"<p>W roku szkolnym 2023\/2024 w naszej szkole po raz pi\u0105ty b\u0119d\u0105 dzia\u0142ali #SuperKoderzy. #SuperKoderzy to og\u00f3lnopolski program edukacyjny Fundacji Orange, kt\u00f3rego kluczowym elementem jest nauka programowania. Adresowany jest do szk\u00f3\u0142 podstawowych oraz uczni\u00f3w w wieku 9 \u2013 14 lat. Tym &hellip; <a href=\"http:\/\/spmlodzawy.pl\/index.php\/superkoderzy-6\/\">Czytaj dalej <span class=\"meta-nav\">&rarr;<\/span><\/a><\/p>\n","protected":false},"author":1,"featured_media":0,"parent":0,"menu_order":0,"comment_status":"closed","ping_status":"closed","template":"","meta":[],"_links":{"self":[{"href":"http:\/\/spmlodzawy.pl\/index.php\/wp-json\/wp\/v2\/pages\/45182"}],"collection":[{"href":"http:\/\/spmlodzawy.pl\/index.php\/wp-json\/wp\/v2\/pages"}],"about":[{"href":"http:\/\/spmlodzawy.pl\/index.php\/wp-json\/wp\/v2\/types\/page"}],"author":[{"embeddable":true,"href":"http:\/\/spmlodzawy.pl\/index.php\/wp-json\/wp\/v2\/users\/1"}],"replies":[{"embeddable":true,"href":"http:\/\/spmlodzawy.pl\/index.php\/wp-json\/wp\/v2\/comments?post=45182"}],"version-history":[{"count":2,"href":"http:\/\/spmlodzawy.pl\/index.php\/wp-json\/wp\/v2\/pages\/45182\/revisions"}],"predecessor-version":[{"id":45185,"href":"http:\/\/spmlodzawy.pl\/index.php\/wp-json\/wp\/v2\/pages\/45182\/revisions\/45185"}],"wp:attachment":[{"href":"http:\/\/spmlodzawy.pl\/index.php\/wp-json\/wp\/v2\/media?parent=45182"}],"curies":[{"name":"wp","href":"https:\/\/api.w.org\/{rel}","templated":true}]}}