{"id":45666,"date":"2023-10-07T12:45:05","date_gmt":"2023-10-07T10:45:05","guid":{"rendered":"http:\/\/spmlodzawy.pl\/?page_id=45666"},"modified":"2023-10-07T12:46:11","modified_gmt":"2023-10-07T10:46:11","slug":"program-dla-szkol-2","status":"publish","type":"page","link":"http:\/\/spmlodzawy.pl\/index.php\/program-dla-szkol-2\/","title":{"rendered":"Program dla szk\u00f3\u0142"},"content":{"rendered":"<p style=\"text-align: justify;\"><span style=\"font-size: 14.0pt;\"><img decoding=\"async\" loading=\"lazy\" class=\"alignnone wp-image-34435 alignleft\" src=\"http:\/\/spmlodzawy.pl\/wp-content\/uploads\/2019\/10\/logo-PDS_png_2-768x253-300x99.png\" alt=\"\" width=\"236\" height=\"78\" srcset=\"http:\/\/spmlodzawy.pl\/wp-content\/uploads\/2019\/10\/logo-PDS_png_2-768x253-300x99.png 300w, http:\/\/spmlodzawy.pl\/wp-content\/uploads\/2019\/10\/logo-PDS_png_2-768x253.png 768w\" sizes=\"(max-width: 236px) 100vw, 236px\" \/><\/span><\/p>\n<p style=\"text-align: justify;\">Nasza Szko\u0142a r\u00f3wnie\u017c w tym roku szkolnym 2023\/2024 uczestniczy w unijnym projekcie <strong><i>\u201eProgram dla szk\u00f3\u0142\u201d<\/i><\/strong>, koordynowanym przez Krajowy O\u015brodek Wsparcia Rolnictwa. W ramach programu uczniowie klas I \u2013 V otrzymuj\u0105 \u015bwie\u017ce owoce, warzywa i produkty mleczne. W ramach tego programu podczas zaj\u0119\u0107 komponuj\u0105 i przygotowuj\u0105 zdrowe posi\u0142ki bogate w owoce i warzywa, utrwalaj\u0105 piramid\u0119 zdrowia, a tak\u017ce nabywaj\u0105 i utrwalaj\u0105 sobie prawid\u0142owe nawyki \u017cywieniowe potrzebne do zachowania dobrego zdrowia i sprawno\u015bci fizycznej.<\/p>\n","protected":false},"excerpt":{"rendered":"<p>Nasza Szko\u0142a r\u00f3wnie\u017c w tym roku szkolnym 2023\/2024 uczestniczy w unijnym projekcie \u201eProgram dla szk\u00f3\u0142\u201d, koordynowanym przez Krajowy O\u015brodek Wsparcia Rolnictwa. W ramach programu uczniowie klas I \u2013 V otrzymuj\u0105 \u015bwie\u017ce owoce, warzywa i produkty mleczne. W ramach tego programu &hellip; <a href=\"http:\/\/spmlodzawy.pl\/index.php\/program-dla-szkol-2\/\">Czytaj dalej <span class=\"meta-nav\">&rarr;<\/span><\/a><\/p>\n","protected":false},"author":1,"featured_media":0,"parent":0,"menu_order":0,"comment_status":"closed","ping_status":"closed","template":"","meta":[],"_links":{"self":[{"href":"http:\/\/spmlodzawy.pl\/index.php\/wp-json\/wp\/v2\/pages\/45666"}],"collection":[{"href":"http:\/\/spmlodzawy.pl\/index.php\/wp-json\/wp\/v2\/pages"}],"about":[{"href":"http:\/\/spmlodzawy.pl\/index.php\/wp-json\/wp\/v2\/types\/page"}],"author":[{"embeddable":true,"href":"http:\/\/spmlodzawy.pl\/index.php\/wp-json\/wp\/v2\/users\/1"}],"replies":[{"embeddable":true,"href":"http:\/\/spmlodzawy.pl\/index.php\/wp-json\/wp\/v2\/comments?post=45666"}],"version-history":[{"count":2,"href":"http:\/\/spmlodzawy.pl\/index.php\/wp-json\/wp\/v2\/pages\/45666\/revisions"}],"predecessor-version":[{"id":45668,"href":"http:\/\/spmlodzawy.pl\/index.php\/wp-json\/wp\/v2\/pages\/45666\/revisions\/45668"}],"wp:attachment":[{"href":"http:\/\/spmlodzawy.pl\/index.php\/wp-json\/wp\/v2\/media?parent=45666"}],"curies":[{"name":"wp","href":"https:\/\/api.w.org\/{rel}","templated":true}]}}