{"id":45670,"date":"2023-10-07T12:50:00","date_gmt":"2023-10-07T10:50:00","guid":{"rendered":"http:\/\/spmlodzawy.pl\/?page_id=45670"},"modified":"2023-10-07T12:50:00","modified_gmt":"2023-10-07T10:50:00","slug":"czytam-z-klasa-3","status":"publish","type":"page","link":"http:\/\/spmlodzawy.pl\/index.php\/czytam-z-klasa-3\/","title":{"rendered":"Czytam z klas\u0105"},"content":{"rendered":"<p style=\"text-align: justify;\"><img decoding=\"async\" loading=\"lazy\" class=\"wp-image-45671 alignleft\" src=\"http:\/\/spmlodzawy.pl\/wp-content\/uploads\/2023\/10\/ost-logo-ok_23288-300x241.png\" alt=\"\" width=\"100\" height=\"80\" srcset=\"http:\/\/spmlodzawy.pl\/wp-content\/uploads\/2023\/10\/ost-logo-ok_23288-300x241.png 300w, http:\/\/spmlodzawy.pl\/wp-content\/uploads\/2023\/10\/ost-logo-ok_23288-1024x821.png 1024w, http:\/\/spmlodzawy.pl\/wp-content\/uploads\/2023\/10\/ost-logo-ok_23288-768x616.png 768w, http:\/\/spmlodzawy.pl\/wp-content\/uploads\/2023\/10\/ost-logo-ok_23288.png 1122w\" sizes=\"(max-width: 100px) 100vw, 100px\" \/>W tym roku szkolnym 2023\/2024 w programie b\u0119d\u0105 uczestniczyli uczniowie klasy I i III. Tegoroczna edycja projektu zosta\u0142a zatytu\u0142owana \u201eNa tropach DOBROCZYNNO\u015aCI\u201d, kt\u00f3rej g\u0142\u00f3wnym za\u0142o\u017ceniem jest zach\u0119cenie dzieci do wykazywania postaw dobroczynno\u015bci oraz kszta\u0142towanie u uczni\u00f3w sta\u0142ych sprawno\u015bci w czynieniu dobra. Poprzez atrakcyjne zadania projektowe, uczniowie czytaj\u0105c lektury zg\u0142\u0119bi\u0105 wiedz\u0119 na temat czynienia dobra, niesienia pomocy ludziom, zwierz\u0119tom oraz ro\u015blinom.<\/p>\n","protected":false},"excerpt":{"rendered":"<p>W tym roku szkolnym 2023\/2024 w programie b\u0119d\u0105 uczestniczyli uczniowie klasy I i III. Tegoroczna edycja projektu zosta\u0142a zatytu\u0142owana \u201eNa tropach DOBROCZYNNO\u015aCI\u201d, kt\u00f3rej g\u0142\u00f3wnym za\u0142o\u017ceniem jest zach\u0119cenie dzieci do wykazywania postaw dobroczynno\u015bci oraz kszta\u0142towanie u uczni\u00f3w sta\u0142ych sprawno\u015bci w czynieniu &hellip; <a href=\"http:\/\/spmlodzawy.pl\/index.php\/czytam-z-klasa-3\/\">Czytaj dalej <span class=\"meta-nav\">&rarr;<\/span><\/a><\/p>\n","protected":false},"author":1,"featured_media":0,"parent":0,"menu_order":0,"comment_status":"closed","ping_status":"closed","template":"","meta":[],"_links":{"self":[{"href":"http:\/\/spmlodzawy.pl\/index.php\/wp-json\/wp\/v2\/pages\/45670"}],"collection":[{"href":"http:\/\/spmlodzawy.pl\/index.php\/wp-json\/wp\/v2\/pages"}],"about":[{"href":"http:\/\/spmlodzawy.pl\/index.php\/wp-json\/wp\/v2\/types\/page"}],"author":[{"embeddable":true,"href":"http:\/\/spmlodzawy.pl\/index.php\/wp-json\/wp\/v2\/users\/1"}],"replies":[{"embeddable":true,"href":"http:\/\/spmlodzawy.pl\/index.php\/wp-json\/wp\/v2\/comments?post=45670"}],"version-history":[{"count":1,"href":"http:\/\/spmlodzawy.pl\/index.php\/wp-json\/wp\/v2\/pages\/45670\/revisions"}],"predecessor-version":[{"id":45672,"href":"http:\/\/spmlodzawy.pl\/index.php\/wp-json\/wp\/v2\/pages\/45670\/revisions\/45672"}],"wp:attachment":[{"href":"http:\/\/spmlodzawy.pl\/index.php\/wp-json\/wp\/v2\/media?parent=45670"}],"curies":[{"name":"wp","href":"https:\/\/api.w.org\/{rel}","templated":true}]}}