{"id":7318,"date":"2018-10-08T13:07:40","date_gmt":"2018-10-08T11:07:40","guid":{"rendered":"http:\/\/spmlodzawy.pl\/?page_id=7318"},"modified":"2026-04-21T22:08:38","modified_gmt":"2026-04-21T20:08:38","slug":"egzamin-osmoklasisty","status":"publish","type":"page","link":"https:\/\/spmlodzawy.pl\/index.php\/egzamin-osmoklasisty\/","title":{"rendered":"Egzamin \u00f3smoklasisty"},"content":{"rendered":"<p><em><strong>Arkusze i zadania przygotowuj\u0105ce do egzaminu:<\/strong><\/em><\/p>\n<ol>\n<li><a href=\"https:\/\/cke.gov.pl\/egzamin-osmoklasisty\/arkusze\/\">https:\/\/cke.gov.pl\/egzamin-osmoklasisty\/arkusze\/<\/a><\/li>\n<li><a href=\"https:\/\/cke.gov.pl\/egzamin-osmoklasisty\/materialy-dodatkowe\/\">https:\/\/cke.gov.pl\/egzamin-osmoklasisty\/materialy-dodatkowe\/<\/a><\/li>\n<li><a href=\"https:\/\/szaloneliczby.pl\/egzamin-osmoklasisty\/\">https:\/\/szaloneliczby.pl\/egzamin-osmoklasisty\/<\/a><\/li>\n<li><a href=\"https:\/\/testy.dlaucznia.info\/\">https:\/\/testy.dlaucznia.info\/<\/a><\/li>\n<li><a href=\"https:\/\/arkusze.pl\/jezyk-polski-egzamin-osmoklasisty\/\">https:\/\/arkusze.pl\/jezyk-polski-egzamin-osmoklasisty\/<\/a><\/li>\n<li><a href=\"https:\/\/arkusze.pl\/jezyk-angielski-egzamin-osmoklasisty\/\">https:\/\/arkusze.pl\/jezyk-angielski-egzamin-osmoklasisty\/<\/a><\/li>\n<\/ol>\n<p style=\"text-align: justify;\"><em><strong>Drogi \u00f3smoklasisto,<\/strong><\/em><\/p>\n<p style=\"text-align: justify;\">Przed Tob\u0105 pierwszy w \u017cyciu wa\u017cny dla Ciebie egzamin. Ju\u017c dzisiaj pomy\u015bl o odpowiednim przygotowaniu. Poni\u017cej przedstawiamy najwa\u017cniejsze informacje dotycz\u0105ce egzaminu.<\/p>\n<p style=\"text-align: justify;\"><em><strong>Egzamin \u00f3smoklasisty<\/strong><\/em> obejmuje wiadomo\u015bci i umiej\u0119tno\u015bci okre\u015blone \u200ew podstawie w odniesieniu do wybranych przedmiot\u00f3w \u200enauczanych w klasach I\u2013VIII.<\/p>\n<p style=\"text-align: justify;\">Egzamin \u00f3smoklasisty jest egzaminem obowi\u0105zkowym, co oznacza, \u017ce ka\u017cdy ucze\u0144 musi do niego przyst\u0105pi\u0107, aby uko\u0144czy\u0107 szko\u0142\u0119. Nie jest okre\u015blony minimalny wynik, jaki ucze\u0144 powinien uzyska\u0107, dlatego egzaminu \u00f3smoklasisty nie mo\u017cna nie zda\u0107.<\/p>\n<p style=\"text-align: justify;\"><em><strong>Egzamin \u00f3smoklasisty jest przeprowadzany w formie pisemnej.<\/strong><\/em><\/p>\n<p style=\"text-align: justify;\">W roku szkolnym 2025\u20132026 \u00f3smoklasista przyst\u0119puje do egzaminu z trzech przedmiot\u00f3w obowi\u0105zkowych, tj.:<\/p>\n<ul style=\"text-align: justify;\">\n<li>j\u0119zyka polskiego,<\/li>\n<li>matematyki,<\/li>\n<li>j\u0119zyka obcego nowo\u017cytnego.<\/li>\n<\/ul>\n<p style=\"text-align: justify;\">\u00d3smoklasista przyst\u0119puje do egzaminu z jednego z nast\u0119puj\u0105cych j\u0119zyk\u00f3w obcych nowo\u017cytnych: angielskiego, francuskiego, hiszpa\u0144skiego, niemieckiego, rosyjskiego, ukrai\u0144skiego lub w\u0142oskiego. Ucze\u0144 mo\u017ce wybra\u0107 tylko ten j\u0119zyk, kt\u00f3rego uczy si\u0119 w szkole w ramach obowi\u0105zkowych zaj\u0119\u0107 edukacyjnych.<\/p>\n<p style=\"text-align: justify;\"><em><strong>Przebieg egzaminu \u00f3smoklasisty<\/strong><\/em><\/p>\n<p style=\"text-align: justify;\">Egzamin odbywa si\u0119 w maju. Ucze\u0144, kt\u00f3ry z przyczyn losowych lub zdrowotnych nie \u200eprzyst\u0105pi do egzaminu w tym terminie, przyst\u0119puje do niego w czerwcu.\u200e<\/p>\n<p style=\"text-align: justify;\"><strong><em>Egzamin \u00f3smoklasisty jest przeprowadzany przez trzy kolejne dni:<\/em><\/strong><\/p>\n<ul style=\"text-align: justify;\">\n<li>11 maja 2026r.\u2013 egzamin z j\u0119zyka polskiego, kt\u00f3ry trwa 150 minut<\/li>\n<li>12 maja 2026r. \u2013 egzamin z matematyki, kt\u00f3ry trwa 125 minut<\/li>\n<li>13 maja 2026r. \u2013 egzamin z j\u0119zyka angielskiego, kt\u00f3ry trwa 110 minut.<\/li>\n<\/ul>\n<p style=\"text-align: justify;\">Na egzamin ucze\u0144 przynosi ze sob\u0105 wy\u0142\u0105cznie przybory do pisania: pi\u00f3ro lub d\u0142ugopis \u200ez czarnym tuszem\/atramentem, a w przypadku egzaminu matematyki r\u00f3wnie\u017c linijk\u0119. \u200e<\/p>\n<p style=\"text-align: justify;\">Na egzaminie nie mo\u017cna korzysta\u0107 z kalkulatora oraz s\u0142ownik\u00f3w. Nie wolno tak\u017ce przynosi\u0107 \u200ei u\u017cywa\u0107 \u017cadnych urz\u0105dze\u0144 telekomunikacyjnych.\u200e<\/p>\n<p style=\"text-align: justify;\"><em><strong>Zadania na egzaminie \u00f3smoklasisty<\/strong><\/em><\/p>\n<p style=\"text-align: justify;\">W arkuszu egzaminacyjnym \u200ez ka\u017cdego przedmiotu znajd\u0105 si\u0119 zar\u00f3wno zadania \u200ezamkni\u0119te (tj. takie, w kt\u00f3rych ucze\u0144 wybiera jedn\u0105 odpowied\u017a z kilku podanych), jak i zadania otwarte (tj. takie, w kt\u00f3rych ucze\u0144 samodzielnie formu\u0142uje odpowied\u017a). \u200e<\/p>\n<p style=\"text-align: justify;\">Przyk\u0142adowe zadania wraz z rozwi\u0105zaniami mo\u017cna znale\u017a\u0107 w informatorach o egzaminie \u00f3smoklasisty z poszczeg\u00f3lnych przedmiot\u00f3w.<\/p>\n<p style=\"text-align: justify;\">Wi\u0119cej informacji <a href=\"https:\/\/lodz.oke.gov.pl\/egzamin-osmoklasisty\/informatory\/\">www.oke.lodz.pl<\/a><\/p>\n","protected":false},"excerpt":{"rendered":"<p>Arkusze i zadania przygotowuj\u0105ce do egzaminu: https:\/\/cke.gov.pl\/egzamin-osmoklasisty\/arkusze\/ https:\/\/cke.gov.pl\/egzamin-osmoklasisty\/materialy-dodatkowe\/ https:\/\/szaloneliczby.pl\/egzamin-osmoklasisty\/ https:\/\/testy.dlaucznia.info\/ https:\/\/arkusze.pl\/jezyk-polski-egzamin-osmoklasisty\/ https:\/\/arkusze.pl\/jezyk-angielski-egzamin-osmoklasisty\/ Drogi \u00f3smoklasisto, Przed Tob\u0105 pierwszy w \u017cyciu wa\u017cny dla Ciebie egzamin. Ju\u017c dzisiaj pomy\u015bl o odpowiednim przygotowaniu. Poni\u017cej przedstawiamy najwa\u017cniejsze informacje dotycz\u0105ce egzaminu. Egzamin \u00f3smoklasisty obejmuje wiadomo\u015bci i &hellip; <a href=\"https:\/\/spmlodzawy.pl\/index.php\/egzamin-osmoklasisty\/\">Czytaj dalej <span class=\"meta-nav\">&rarr;<\/span><\/a><\/p>\n","protected":false},"author":1,"featured_media":0,"parent":0,"menu_order":0,"comment_status":"closed","ping_status":"closed","template":"","meta":[],"_links":{"self":[{"href":"https:\/\/spmlodzawy.pl\/index.php\/wp-json\/wp\/v2\/pages\/7318"}],"collection":[{"href":"https:\/\/spmlodzawy.pl\/index.php\/wp-json\/wp\/v2\/pages"}],"about":[{"href":"https:\/\/spmlodzawy.pl\/index.php\/wp-json\/wp\/v2\/types\/page"}],"author":[{"embeddable":true,"href":"https:\/\/spmlodzawy.pl\/index.php\/wp-json\/wp\/v2\/users\/1"}],"replies":[{"embeddable":true,"href":"https:\/\/spmlodzawy.pl\/index.php\/wp-json\/wp\/v2\/comments?post=7318"}],"version-history":[{"count":27,"href":"https:\/\/spmlodzawy.pl\/index.php\/wp-json\/wp\/v2\/pages\/7318\/revisions"}],"predecessor-version":[{"id":58344,"href":"https:\/\/spmlodzawy.pl\/index.php\/wp-json\/wp\/v2\/pages\/7318\/revisions\/58344"}],"wp:attachment":[{"href":"https:\/\/spmlodzawy.pl\/index.php\/wp-json\/wp\/v2\/media?parent=7318"}],"curies":[{"name":"wp","href":"https:\/\/api.w.org\/{rel}","templated":true}]}}