{"id":930,"date":"2017-10-16T20:39:31","date_gmt":"2017-10-16T18:39:31","guid":{"rendered":"http:\/\/spmlodzawy.pl\/?page_id=930"},"modified":"2025-09-15T13:33:26","modified_gmt":"2025-09-15T11:33:26","slug":"pracownicy","status":"publish","type":"page","link":"https:\/\/spmlodzawy.pl\/index.php\/pracownicy\/","title":{"rendered":"Pracownicy"},"content":{"rendered":"<h3 style=\"text-align: center;\"><span style=\"color: #000080;\"><strong>Dyrektor:<\/strong><\/span><\/h3>\n<h3 style=\"text-align: center;\"><span style=\"color: #000080;\"><strong><em>mgr Ilona Modrzewiecka<\/em><\/strong><\/span><\/h3>\n<p>&nbsp;<\/p>\n<p style=\"text-align: center;\"><span style=\"color: #333300;\"><em><strong>NAUCZYCIELE:<\/strong><\/em><\/span><\/p>\n<p><span style=\"color: #333300;\"><strong><em>\u00a0\u00a0\u00a0\u00a0\u00a0\u00a0<span style=\"color: #000000;\"><span style=\"text-decoration: underline;\"> Przedmiot<\/span>\u00a0\u00a0\u00a0\u00a0\u00a0\u00a0\u00a0\u00a0\u00a0\u00a0\u00a0\u00a0\u00a0\u00a0\u00a0\u00a0\u00a0\u00a0\u00a0\u00a0\u00a0\u00a0\u00a0\u00a0\u00a0\u00a0\u00a0\u00a0\u00a0\u00a0\u00a0\u00a0 <span style=\"text-decoration: underline;\">Imi\u0119 i nazwisko nauczyciela<\/span><\/span><br \/>\n<\/em><\/strong><\/span><\/p>\n<p><span style=\"color: #000000;\"><strong><em>Wychowanie przedszkolne<\/em><\/strong>\u00a0 \u00a0 \u00a0 \u00a0 mgr Jolanta Janicka<br \/>\n<\/span><\/p>\n<p style=\"padding-left: 90px;\"><span style=\"color: #000000;\">\u00a0 \u00a0 \u00a0 \u00a0 \u00a0 \u00a0 \u00a0 \u00a0 \u00a0 \u00a0 \u00a0 \u00a0 \u00a0 \u00a0 \u00a0 \u00a0 \u00a0 \u00a0 \u00a0 \u00a0 \u00a0\u00a0mgr Joanna Janicka<\/span><\/p>\n<p><span style=\"color: #000000;\">\u00a0 \u00a0 \u00a0 \u00a0 \u00a0 \u00a0 \u00a0 \u00a0 \u00a0 \u00a0 \u00a0 \u00a0 \u00a0 \u00a0 \u00a0 \u00a0 \u00a0 \u00a0 \u00a0 \u00a0 \u00a0 \u00a0 \u00a0 \u00a0 \u00a0 \u00a0 \u00a0 \u00a0 \u00a0 \u00a0 \u00a0 \u00a0 \u00a0 mgr Justyna Wcze\u015bniak<\/span><\/p>\n<p><span style=\"color: #000000;\">\u00a0 \u00a0 \u00a0 \u00a0 \u00a0 \u00a0 \u00a0 \u00a0 \u00a0 \u00a0 \u00a0 \u00a0 \u00a0 \u00a0 \u00a0 \u00a0 \u00a0 \u00a0 \u00a0 \u00a0 \u00a0 \u00a0 \u00a0 \u00a0 \u00a0 \u00a0 \u00a0 \u00a0 \u00a0 \u00a0 \u00a0 \u00a0<span style=\"text-align: justify;\">\u00a0 mgr Kamila Zar\u0119ba<\/span><\/span><\/p>\n<p><span style=\"color: #000000;\"><strong><em>KLASY\u00a0 I &#8211; III<\/em><\/strong><\/span><\/p>\n<p><span style=\"color: #000000;\"><strong><em>Klasa I\u00a0\u00a0<\/em><\/strong>\u00a0 \u00a0 \u00a0 \u00a0 \u00a0 \u00a0 \u00a0 \u00a0 \u00a0 \u00a0 \u00a0 \u00a0 \u00a0 \u00a0 \u00a0 \u00a0 \u00a0 \u00a0 \u00a0 \u00a0 \u00a0 \u00a0\u00a0<\/span><span style=\"color: #333300;\">\u00a0<\/span><span style=\"color: #333300;\">mgr Monika Cugowska<\/span><\/p>\n<p><span style=\"color: #333300;\"><strong><em>Klasa II\u00a0 \u00a0 \u00a0 \u00a0 \u00a0 \u00a0 \u00a0 \u00a0 \u00a0 \u00a0 \u00a0 \u00a0 \u00a0 \u00a0 \u00a0 \u00a0 \u00a0 \u00a0 \u00a0 \u00a0 \u00a0 \u00a0<\/em><\/strong><\/span><span style=\"color: #000000;\">mgr Agnieszka Kordyl \u00a0<\/span><\/p>\n<p><span style=\"color: #333300;\"><strong><em>Klasa III \u00a0\u00a0\u00a0\u00a0\u00a0\u00a0\u00a0\u00a0\u00a0\u00a0\u00a0\u00a0\u00a0\u00a0\u00a0\u00a0\u00a0\u00a0\u00a0\u00a0\u00a0\u00a0\u00a0\u00a0\u00a0\u00a0\u00a0\u00a0\u00a0\u00a0\u00a0\u00a0\u00a0\u00a0\u00a0\u00a0\u00a0\u00a0<\/em><\/strong>\u00a0\u00a0<\/span><span style=\"color: #333300;\">mgr Renata Bas\u0105g<\/span><\/p>\n<p><span style=\"color: #000000;\"><strong><em>KLASY IV &#8211; VII<\/em><\/strong><\/span><\/p>\n<p><span style=\"color: #000000;\"><strong><em>Religia\u00a0\u00a0\u00a0\u00a0\u00a0\u00a0\u00a0\u00a0\u00a0\u00a0\u00a0\u00a0\u00a0\u00a0\u00a0\u00a0\u00a0\u00a0\u00a0\u00a0\u00a0\u00a0\u00a0\u00a0\u00a0\u00a0\u00a0\u00a0\u00a0\u00a0\u00a0\u00a0\u00a0\u00a0\u00a0\u00a0\u00a0\u00a0\u00a0\u00a0\u00a0\u00a0\u00a0 \u00a0 <\/em><\/strong>mgr Dorota Bielecka<strong><em><br \/>\n<\/em><\/strong><\/span><\/p>\n<p><span style=\"color: #000000;\"><em><strong>J\u0119zyk polski\u00a0\u00a0\u00a0<\/strong>\u00a0\u00a0\u00a0\u00a0<\/em> \u00a0\u00a0\u00a0\u00a0\u00a0\u00a0\u00a0\u00a0\u00a0\u00a0\u00a0\u00a0\u00a0\u00a0\u00a0\u00a0\u00a0\u00a0\u00a0\u00a0\u00a0\u00a0\u00a0\u00a0\u00a0\u00a0\u00a0\u00a0 mgr Ma\u0142gorzata Blacha<\/span><\/p>\n<p><span style=\"color: #000000;\"><strong><em>J\u0119zyk angielski\u00a0<\/em><\/strong><strong><em>\u00a0\u00a0\u00a0\u00a0\u00a0\u00a0\u00a0\u00a0\u00a0\u00a0\u00a0\u00a0\u00a0\u00a0\u00a0\u00a0\u00a0\u00a0\u00a0\u00a0\u00a0<\/em><\/strong> \u00a0\u00a0\u00a0\u00a0\u00a0 mgr Ma\u0142gorzata Zag\u00f3rska, mgr Justyna Wcze\u015bniak<\/span><\/p>\n<p><span style=\"color: #000000;\"><strong><em>J\u0119zyk niemiecki\u00a0\u00a0\u00a0\u00a0\u00a0\u00a0\u00a0\u00a0\u00a0\u00a0\u00a0\u00a0\u00a0\u00a0\u00a0\u00a0\u00a0\u00a0\u00a0\u00a0\u00a0<\/em><\/strong> \u00a0\u00a0\u00a0\u00a0 mgr Jacek Syka\u0142a<strong><em><br \/>\n<\/em><\/strong><\/span><\/p>\n<p><span style=\"color: #000000;\"><strong><em>Historia \u00a0 \u00a0 \u00a0 \u00a0 \u00a0 \u00a0 \u00a0 \u00a0 \u00a0 \u00a0 \u00a0 \u00a0 \u00a0 \u00a0 \u00a0 \u00a0\u00a0 \u00a0\u00a0\u00a0\u00a0\u00a0\u00a0 <\/em><\/strong>mgr Sylwester Walasek<strong><em><br \/>\n<\/em><\/strong><\/span><\/p>\n<p><span style=\"color: #000000;\"><strong><em>WOS\u00a0\u00a0\u00a0\u00a0\u00a0\u00a0\u00a0\u00a0\u00a0\u00a0\u00a0\u00a0\u00a0\u00a0\u00a0\u00a0\u00a0\u00a0\u00a0\u00a0\u00a0\u00a0\u00a0\u00a0\u00a0\u00a0\u00a0\u00a0\u00a0\u00a0\u00a0\u00a0\u00a0\u00a0\u00a0\u00a0\u00a0\u00a0\u00a0\u00a0\u00a0\u00a0\u00a0\u00a0\u00a0<\/em><\/strong>\u00a0\u00a0\u00a0 mgr Sylwester Walasek<\/span><\/p>\n<p><span style=\"color: #000000;\"><strong><em>Matematyka\u00a0\u00a0\u00a0\u00a0\u00a0\u00a0\u00a0\u00a0\u00a0\u00a0\u00a0\u00a0\u00a0\u00a0\u00a0\u00a0\u00a0\u00a0\u00a0\u00a0\u00a0\u00a0<\/em><\/strong>\u00a0 \u00a0 \u00a0 \u00a0 \u00a0 \u00a0mgr Edyta Sopel<strong><em><br \/>\n<\/em><\/strong><\/span><\/p>\n<p><span style=\"color: #000000;\"><strong><em>Przyroda\u00a0\u00a0\u00a0\u00a0\u00a0\u00a0\u00a0\u00a0\u00a0\u00a0\u00a0\u00a0\u00a0\u00a0\u00a0\u00a0\u00a0\u00a0\u00a0\u00a0\u00a0\u00a0\u00a0\u00a0\u00a0\u00a0\u00a0\u00a0\u00a0\u00a0\u00a0\u00a0\u00a0\u00a0\u00a0\u00a0\u00a0<\/em><\/strong> \u00a0 mgr Jolanta Zieli\u0144ska<strong><em><br \/>\n<\/em><\/strong><\/span><\/p>\n<p><span style=\"color: #000000;\"><strong><em>Biologia\u00a0\u00a0\u00a0\u00a0\u00a0\u00a0\u00a0\u00a0\u00a0\u00a0\u00a0\u00a0\u00a0\u00a0\u00a0\u00a0\u00a0\u00a0\u00a0\u00a0\u00a0\u00a0\u00a0\u00a0\u00a0\u00a0\u00a0\u00a0\u00a0\u00a0\u00a0\u00a0\u00a0\u00a0\u00a0\u00a0<\/em><\/strong>\u00a0\u00a0\u00a0\u00a0\u00a0 mgr Jolanta Zieli\u0144ska<strong><em><br \/>\n<\/em><\/strong><\/span><\/p>\n<p><span style=\"color: #000000;\"><strong><em>Geografia\u00a0\u00a0\u00a0\u00a0\u00a0\u00a0\u00a0\u00a0\u00a0\u00a0\u00a0\u00a0\u00a0\u00a0\u00a0\u00a0\u00a0\u00a0\u00a0\u00a0\u00a0\u00a0\u00a0\u00a0\u00a0\u00a0\u00a0\u00a0\u00a0\u00a0\u00a0\u00a0\u00a0\u00a0\u00a0\u00a0\u00a0\u00a0 <\/em><\/strong>mgr Beata Kocjan-Kuza<strong><em><br \/>\n<\/em><\/strong><\/span><\/p>\n<p><span style=\"color: #000000;\"><strong><em>Fizyka\u00a0\u00a0\u00a0\u00a0\u00a0\u00a0\u00a0\u00a0\u00a0\u00a0\u00a0\u00a0\u00a0\u00a0\u00a0\u00a0\u00a0\u00a0\u00a0\u00a0\u00a0\u00a0\u00a0\u00a0\u00a0\u00a0\u00a0\u00a0\u00a0\u00a0\u00a0\u00a0\u00a0\u00a0\u00a0\u00a0\u00a0\u00a0\u00a0\u00a0\u00a0\u00a0\u00a0\u00a0\u00a0 <\/em><\/strong>mgr Wojciech Koza<strong><em><br \/>\n<\/em><\/strong><\/span><\/p>\n<p><span style=\"color: #000000;\"><strong><em>Chemia\u00a0\u00a0\u00a0\u00a0\u00a0\u00a0\u00a0\u00a0\u00a0\u00a0\u00a0\u00a0\u00a0\u00a0\u00a0\u00a0\u00a0\u00a0\u00a0\u00a0\u00a0\u00a0\u00a0\u00a0\u00a0\u00a0\u00a0\u00a0\u00a0\u00a0\u00a0\u00a0\u00a0\u00a0\u00a0\u00a0\u00a0\u00a0\u00a0\u00a0\u00a0\u00a0\u00a0 <\/em><\/strong>mgr Ma\u0142gorzata Cedro<strong><em><br \/>\n<\/em><\/strong><\/span><\/p>\n<p><span style=\"color: #000000;\"><strong><em>Zaj. techniczne, technika\u00a0\u00a0\u00a0\u00a0\u00a0\u00a0\u00a0 <\/em><\/strong>mgr Agnieszka Prucnal<strong><em><br \/>\n<\/em><\/strong><\/span><\/p>\n<p><span style=\"color: #000000;\"><strong><em>I<span style=\"color: #000000;\">nformatyka\u00a0\u00a0\u00a0\u00a0\u00a0\u00a0\u00a0\u00a0\u00a0\u00a0\u00a0\u00a0\u00a0\u00a0\u00a0\u00a0\u00a0\u00a0\u00a0\u00a0\u00a0\u00a0\u00a0\u00a0\u00a0\u00a0<\/span><\/em><\/strong>\u00a0\u00a0\u00a0\u00a0\u00a0\u00a0 mgr Edyta Sopel<strong><em><br \/>\n<\/em><\/strong><\/span><\/p>\n<p><span style=\"color: #000000;\"><strong><em>Plastyka\u00a0 \u00a0 \u00a0 \u00a0 \u00a0 \u00a0 \u00a0 \u00a0 \u00a0 \u00a0 \u00a0 \u00a0 \u00a0 \u00a0 \u00a0 \u00a0 \u00a0 \u00a0 \u00a0 \u00a0 <\/em><\/strong>mgr Renata Bas\u0105g<strong><em><br \/>\n<\/em><\/strong><\/span><\/p>\n<p><span style=\"color: #000000;\"><strong><em>Muzyka\u00a0\u00a0\u00a0\u00a0\u00a0\u00a0\u00a0\u00a0\u00a0\u00a0\u00a0\u00a0\u00a0\u00a0\u00a0\u00a0\u00a0\u00a0\u00a0\u00a0\u00a0\u00a0\u00a0\u00a0\u00a0\u00a0\u00a0\u00a0\u00a0\u00a0\u00a0\u00a0\u00a0\u00a0\u00a0\u00a0\u00a0\u00a0\u00a0\u00a0\u00a0\u00a0 <\/em><\/strong>lic. Tomasz Klamka<strong><em><br \/>\n<\/em><\/strong><\/span><\/p>\n<p><span style=\"color: #000000;\"><strong><em>Wychowanie fizyczne\u00a0\u00a0\u00a0\u00a0\u00a0\u00a0\u00a0\u00a0\u00a0\u00a0\u00a0\u00a0\u00a0 <\/em><\/strong>mgr \u0141ukasz Bia\u0142y<strong><em><br \/>\n<\/em><\/strong><\/span><\/p>\n<p><span style=\"color: #000000;\"><strong><em>Doradztwo zawodowe \u00a0 \u00a0 \u00a0\u00a0 \u00a0\u00a0\u00a0\u00a0 <\/em><\/strong>mgr Edyta Sopel<br \/>\n<\/span><\/p>\n<p><span style=\"color: #000000;\"><em><strong>Eduk. dla bezpiecze\u0144stwa<\/strong><\/em>\u00a0\u00a0\u00a0\u00a0\u00a0 mgr Artur Micha\u0142kiewicz<br \/>\n<\/span><\/p>\n<p><span style=\"color: #000000;\"><strong><em>Logopeda\u00a0 \u00a0 \u00a0 \u00a0 \u00a0 \u00a0 \u00a0 \u00a0 \u00a0 \u00a0 \u00a0 \u00a0 \u00a0 \u00a0 \u00a0 \u00a0 \u00a0 \u00a0 \u00a0 <\/em><\/strong>mgr Jolanta Janicka<br \/>\n<\/span><\/p>\n<p><span style=\"color: #000000;\"><strong><em>Pedagog\u00a0 \u00a0 \u00a0 \u00a0 \u00a0 \u00a0 \u00a0 \u00a0 \u00a0 \u00a0 \u00a0 \u00a0 \u00a0 \u00a0 \u00a0 \u00a0 \u00a0 \u00a0 \u00a0 \u00a0 <\/em><\/strong>mgr Anna Nytko &#8211; Zi\u0119ba<br \/>\n<\/span><\/p>\n<p><span style=\"color: #000000;\"><em><strong>Psycholog\u00a0\u00a0\u00a0\u00a0\u00a0\u00a0\u00a0\u00a0\u00a0\u00a0\u00a0\u00a0\u00a0\u00a0\u00a0\u00a0\u00a0\u00a0\u00a0\u00a0\u00a0\u00a0\u00a0\u00a0\u00a0\u00a0\u00a0\u00a0\u00a0\u00a0\u00a0\u00a0\u00a0\u00a0\u00a0\u00a0 <\/strong><\/em>mgr Zuzanna Kubicka<\/span><\/p>\n<p><span style=\"color: #000000;\"><em><strong>Asystent naucz. przedszkola: <\/strong><\/em>Agnieszka Kope\u0107<\/span><\/p>\n<p><span style=\"color: #000000;\"><em><strong>BIBLIOTEKA:\u00a0\u00a0\u00a0\u00a0\u00a0\u00a0\u00a0\u00a0\u00a0\u00a0\u00a0\u00a0\u00a0\u00a0\u00a0\u00a0\u00a0\u00a0\u00a0\u00a0\u00a0\u00a0\u00a0\u00a0\u00a0\u00a0\u00a0\u00a0 <\/strong><\/em>mgr Katarzyna Gr\u0119da<\/span><\/p>\n<p>&nbsp;<\/p>\n<p><span style=\"color: #000000;\"><em><strong>PRACOWNICY OBS\u0141UGI:<\/strong><\/em><\/span><\/p>\n<ol>\n<li><span style=\"color: #000000;\">Marzanna Wojtasik<\/span><\/li>\n<li><span style=\"color: #000000;\">Iwona Sakwa<\/span><\/li>\n<li><span style=\"color: #000000;\">Barbara Wojtasik<\/span><\/li>\n<li>Agnieszka Kope\u0107<\/li>\n<li><span style=\"color: #000000;\">Szczepan Kucyba\u0142a<\/span><\/li>\n<\/ol>\n","protected":false},"excerpt":{"rendered":"<p>Dyrektor: mgr Ilona Modrzewiecka &nbsp; NAUCZYCIELE: \u00a0\u00a0\u00a0\u00a0\u00a0\u00a0 Przedmiot\u00a0\u00a0\u00a0\u00a0\u00a0\u00a0\u00a0\u00a0\u00a0\u00a0\u00a0\u00a0\u00a0\u00a0\u00a0\u00a0\u00a0\u00a0\u00a0\u00a0\u00a0\u00a0\u00a0\u00a0\u00a0\u00a0\u00a0\u00a0\u00a0\u00a0\u00a0\u00a0 Imi\u0119 i nazwisko nauczyciela Wychowanie przedszkolne\u00a0 \u00a0 \u00a0 \u00a0 mgr Jolanta Janicka \u00a0 \u00a0 \u00a0 \u00a0 \u00a0 \u00a0 \u00a0 \u00a0 \u00a0 \u00a0 \u00a0 \u00a0 \u00a0 \u00a0 \u00a0 \u00a0 \u00a0 \u00a0 \u00a0 \u00a0 &hellip; <a href=\"https:\/\/spmlodzawy.pl\/index.php\/pracownicy\/\">Czytaj dalej <span class=\"meta-nav\">&rarr;<\/span><\/a><\/p>\n","protected":false},"author":1,"featured_media":0,"parent":0,"menu_order":0,"comment_status":"closed","ping_status":"closed","template":"","meta":[],"_links":{"self":[{"href":"https:\/\/spmlodzawy.pl\/index.php\/wp-json\/wp\/v2\/pages\/930"}],"collection":[{"href":"https:\/\/spmlodzawy.pl\/index.php\/wp-json\/wp\/v2\/pages"}],"about":[{"href":"https:\/\/spmlodzawy.pl\/index.php\/wp-json\/wp\/v2\/types\/page"}],"author":[{"embeddable":true,"href":"https:\/\/spmlodzawy.pl\/index.php\/wp-json\/wp\/v2\/users\/1"}],"replies":[{"embeddable":true,"href":"https:\/\/spmlodzawy.pl\/index.php\/wp-json\/wp\/v2\/comments?post=930"}],"version-history":[{"count":77,"href":"https:\/\/spmlodzawy.pl\/index.php\/wp-json\/wp\/v2\/pages\/930\/revisions"}],"predecessor-version":[{"id":55405,"href":"https:\/\/spmlodzawy.pl\/index.php\/wp-json\/wp\/v2\/pages\/930\/revisions\/55405"}],"wp:attachment":[{"href":"https:\/\/spmlodzawy.pl\/index.php\/wp-json\/wp\/v2\/media?parent=930"}],"curies":[{"name":"wp","href":"https:\/\/api.w.org\/{rel}","templated":true}]}}